CRAN Package Check Results for Package Luminescence

Last updated on 2022-09-26 23:58:18 CEST.

Flavor Version Tinstall Tcheck Ttotal Status Flags
r-devel-linux-x86_64-debian-clang 0.9.20 95.10 344.12 439.22 OK
r-devel-linux-x86_64-debian-gcc 0.9.20 81.02 247.54 328.56 OK
r-devel-linux-x86_64-fedora-clang 0.9.20 582.84 OK
r-devel-linux-x86_64-fedora-gcc 0.9.20 546.75 OK
r-devel-windows-x86_64 0.9.20 230.00 443.00 673.00 OK
r-patched-linux-x86_64 0.9.20 100.33 311.70 412.03 OK
r-release-linux-x86_64 0.9.20 88.81 311.79 400.60 OK
r-release-macos-arm64 0.9.20 119.00 NOTE
r-release-macos-x86_64 0.9.20 170.00 NOTE
r-release-windows-x86_64 0.9.20 258.00 391.00 649.00 OK
r-oldrel-macos-arm64 0.9.20 119.00 NOTE
r-oldrel-macos-x86_64 0.9.20 168.00 NOTE
r-oldrel-windows-ix86+x86_64 0.9.20 217.00 523.00 740.00 NOTE

Check Details

Version: 0.9.20
Check: installed package size
Result: NOTE
     installed size is 6.2Mb
     sub-directories of 1Mb or more:
     R 2.0Mb
     libs 2.0Mb
Flavors: r-release-macos-arm64, r-release-macos-x86_64, r-oldrel-macos-arm64, r-oldrel-macos-x86_64, r-oldrel-windows-ix86+x86_64