CRAN Package Check Results for Package LowWAFOMNX

Last updated on 2024-06-14 00:53:48 CEST.

Flavor Version Tinstall Tcheck Ttotal Status Flags
r-devel-linux-x86_64-debian-clang 1.1.1 33.60 53.84 87.44 OK
r-devel-linux-x86_64-debian-gcc 1.1.1 0.24 1.65 1.89 ERROR
r-devel-linux-x86_64-fedora-clang 1.1.1 126.11 OK
r-devel-linux-x86_64-fedora-gcc 1.1.1 127.55 OK
r-devel-windows-x86_64 1.1.1 26.00 80.00 106.00 OK
r-patched-linux-x86_64 1.1.1 25.29 50.46 75.75 OK
r-release-linux-x86_64 1.1.1 25.68 51.34 77.02 OK
r-release-macos-arm64 1.1.1 36.00 OK
r-release-macos-x86_64 1.1.1 53.00 OK
r-release-windows-x86_64 1.1.1 28.00 80.00 108.00 OK
r-oldrel-macos-arm64 1.1.1 42.00 OK
r-oldrel-macos-x86_64 1.1.1 58.00 OK
r-oldrel-windows-x86_64 1.1.1 34.00 88.00 122.00 OK

Check Details

Version: 1.1.1
Check: package dependencies
Result: ERROR Package required but not available: ‘RSQLite’ Package suggested but not available for checking: ‘testthat’ See section ‘The DESCRIPTION file’ in the ‘Writing R Extensions’ manual. Flavor: r-devel-linux-x86_64-debian-gcc