CRAN Package Check Results for Package LTFHPlus

Last updated on 2024-06-14 00:53:48 CEST.

Flavor Version Tinstall Tcheck Ttotal Status Flags
r-devel-linux-x86_64-debian-clang 2.1.1 38.47 164.29 202.76 OK
r-devel-linux-x86_64-debian-gcc 2.1.1 0.32 1.71 2.03 ERROR
r-devel-linux-x86_64-fedora-clang 2.1.1 249.65 OK
r-devel-linux-x86_64-fedora-gcc 2.1.1 236.89 OK
r-devel-windows-x86_64 2.1.1 28.00 147.00 175.00 OK
r-patched-linux-x86_64 2.1.1 29.74 156.18 185.92 OK
r-release-linux-x86_64 2.1.1 19.97 158.05 178.02 OK
r-release-macos-arm64 2.1.1 65.00 OK
r-release-macos-x86_64 2.1.1 97.00 OK
r-release-windows-x86_64 2.1.1 28.00 139.00 167.00 OK
r-oldrel-macos-arm64 2.1.1 75.00 OK
r-oldrel-macos-x86_64 2.1.1 147.00 OK
r-oldrel-windows-x86_64 2.1.1 38.00 186.00 224.00 OK

Check Details

Version: 2.1.1
Check: package dependencies
Result: ERROR Packages required but not available: 'dplyr', 'purrr', 'stringr', 'tibble', 'tidyselect', 'igraph', 'tidyr' Package suggested but not available for checking: ‘testthat’ See section ‘The DESCRIPTION file’ in the ‘Writing R Extensions’ manual. Flavor: r-devel-linux-x86_64-debian-gcc