CRAN Package Check Results for Package LPTime

Last updated on 2021-12-01 23:51:42 CET.

Flavor Version Tinstall Tcheck Ttotal Status Flags
r-devel-linux-x86_64-debian-clang 1.0-2 2.25 24.27 26.52 NOTE
r-devel-linux-x86_64-debian-gcc 1.0-2 1.73 19.14 20.87 NOTE
r-devel-linux-x86_64-fedora-clang 1.0-2 44.35 NOTE
r-devel-linux-x86_64-fedora-gcc 1.0-2 34.00 NOTE
r-devel-windows-x86_64-new-UL 1.0-2 6.00 58.00 64.00 NOTE
r-devel-windows-x86_64-new-TK 1.0-2 NOTE
r-devel-windows-x86_64-old 1.0-2 4.00 33.00 37.00 NOTE
r-patched-linux-x86_64 1.0-2 2.11 23.48 25.59 NOTE
r-patched-solaris-x86 1.0-2 51.50 NOTE
r-release-linux-x86_64 1.0-2 1.87 23.88 25.75 NOTE
r-release-macos-arm64 1.0-2 NOTE
r-release-macos-x86_64 1.0-2 NOTE
r-release-windows-ix86+x86_64 1.0-2 4.00 41.00 45.00 NOTE
r-oldrel-macos-x86_64 1.0-2 NOTE
r-oldrel-windows-ix86+x86_64 1.0-2 5.00 41.00 46.00 NOTE

Check Details

Version: 1.0-2
Check: R code for possible problems
Result: NOTE
    LP.comoment: no visible global function definition for 'cor'
    LP.comoment: no visible global function definition for 'cov'
    LP.moment: no visible global function definition for 'cor'
    LPTrans: no visible global function definition for 'ecdf'
    VAR: no visible global function definition for 'embed'
    VAR: no visible global function definition for 'lm'
    Undefined global functions or variables:
     cor cov ecdf embed lm
    Consider adding
     importFrom("stats", "cor", "cov", "ecdf", "embed", "lm")
    to your NAMESPACE file.
Flavors: r-devel-linux-x86_64-debian-clang, r-devel-linux-x86_64-debian-gcc, r-devel-linux-x86_64-fedora-clang, r-devel-linux-x86_64-fedora-gcc, r-devel-windows-x86_64-new-UL, r-devel-windows-x86_64-new-TK, r-devel-windows-x86_64-old, r-patched-linux-x86_64, r-patched-solaris-x86, r-release-linux-x86_64, r-release-macos-arm64, r-release-macos-x86_64, r-release-windows-ix86+x86_64, r-oldrel-macos-x86_64, r-oldrel-windows-ix86+x86_64