CRAN Package Check Results for Package LPGraph

Last updated on 2021-09-19 23:50:16 CEST.

Flavor Version Tinstall Tcheck Ttotal Status Flags
r-devel-linux-x86_64-debian-clang 2.1 5.32 50.26 55.58 OK
r-devel-linux-x86_64-debian-gcc 2.1 4.30 36.91 41.21 OK
r-devel-linux-x86_64-fedora-clang 2.1 73.63 OK
r-devel-linux-x86_64-fedora-gcc 2.1 61.42 OK
r-devel-windows-x86_64 2.1 7.00 51.00 58.00 OK
r-devel-windows-x86_64-gcc10-UCRT 2.1 ERROR
r-patched-linux-x86_64 2.1 4.83 46.06 50.89 OK
r-patched-solaris-x86 2.1 94.80 OK
r-release-linux-x86_64 2.1 4.14 45.94 50.08 OK
r-release-macos-arm64 2.1 OK
r-release-macos-x86_64 2.1 OK
r-release-windows-ix86+x86_64 2.1 14.00 69.00 83.00 OK
r-oldrel-macos-x86_64 2.1 OK
r-oldrel-windows-ix86+x86_64 2.1 14.00 52.00 66.00 OK

Check Details

Version: 2.1
Check: whether package can be installed
Result: WARN
    Found the following significant warnings:
     WARNING: installation-time patches will not be applied, could not get the patches index
Flavor: r-devel-windows-x86_64-gcc10-UCRT

Version: 2.1
Check: PDF version of manual
Result: WARN
    LaTeX errors when creating PDF version.
    This typically indicates Rd problems.
Flavor: r-devel-windows-x86_64-gcc10-UCRT

Version: 2.1
Check: PDF version of manual without hyperrefs or index
Result: ERROR
    Re-running with no redirection of stdout/stderr.
Flavor: r-devel-windows-x86_64-gcc10-UCRT