CRAN Package Check Results for Package LMMsolver

Last updated on 2023-02-05 23:58:48 CET.

Flavor Version Tinstall Tcheck Ttotal Status Flags
r-devel-linux-x86_64-debian-clang 1.0.4 50.13 77.53 127.66 OK
r-devel-linux-x86_64-debian-gcc 1.0.4 36.93 57.59 94.52 OK
r-devel-linux-x86_64-fedora-clang 1.0.4 170.22 NOTE
r-devel-linux-x86_64-fedora-gcc 1.0.4 170.42 NOTE
r-devel-windows-x86_64 1.0.4 78.00 138.00 216.00 NOTE
r-patched-linux-x86_64 1.0.4 43.61 70.73 114.34 OK
r-release-linux-x86_64 1.0.4 36.04 71.52 107.56 OK
r-release-macos-arm64 1.0.4 51.00 OK
r-release-macos-x86_64 1.0.4 69.00 NOTE
r-release-windows-x86_64 1.0.4 75.00 136.00 211.00 OK
r-oldrel-macos-arm64 1.0.4 55.00 OK
r-oldrel-macos-x86_64 1.0.4 69.00 NOTE
r-oldrel-windows-ix86+x86_64 1.0.4 109.00 151.00 260.00 OK

Check Details

Version: 1.0.4
Check: dependencies in R code
Result: NOTE
    Namespaces in Imports field not imported from:
     ‘agridat’ ‘ggplot2’ ‘maps’ ‘sp’
     All declared Imports should be used.
Flavors: r-devel-linux-x86_64-fedora-clang, r-devel-linux-x86_64-fedora-gcc, r-release-macos-x86_64, r-oldrel-macos-x86_64

Version: 1.0.4
Check: C++ specification
Result: NOTE
     Specified C++11: please update to current default of C++17
Flavor: r-devel-windows-x86_64