CRAN Package Check Results for Package LEANR

Last updated on 2022-08-11 23:52:12 CEST.

Flavor Version Tinstall Tcheck Ttotal Status Flags
r-devel-linux-x86_64-debian-clang 1.4.9 7.47 128.15 135.62 OK
r-devel-linux-x86_64-debian-gcc 1.4.9 6.97 92.17 99.14 OK
r-devel-linux-x86_64-fedora-clang 1.4.9 167.70 OK
r-devel-linux-x86_64-fedora-gcc 1.4.9 167.24 OK
r-devel-windows-x86_64 1.4.9 16.00 163.00 179.00 NOTE
r-patched-linux-x86_64 1.4.9 9.89 119.41 129.30 OK
r-release-linux-x86_64 1.4.9 9.72 117.42 127.14 OK
r-release-macos-arm64 1.4.9 41.00 OK
r-release-macos-x86_64 1.4.9 59.00 OK
r-release-windows-x86_64 1.4.9 15.00 159.00 174.00 NOTE
r-oldrel-macos-arm64 1.4.9 52.00 OK
r-oldrel-macos-x86_64 1.4.9 87.00 OK
r-oldrel-windows-ix86+x86_64 1.4.9 15.00 151.00 166.00 NOTE

Check Details

Version: 1.4.9
Check: package dependencies
Result: NOTE
    Package suggested but not available for checking: 'doMC'
Flavors: r-devel-windows-x86_64, r-release-windows-x86_64, r-oldrel-windows-ix86+x86_64