CRAN Package Check Results for Package LEANR

Last updated on 2021-10-27 23:50:29 CEST.

Flavor Version Tinstall Tcheck Ttotal Status Flags
r-devel-linux-x86_64-debian-clang 1.4.9 8.59 124.74 133.33 OK
r-devel-linux-x86_64-debian-gcc 1.4.9 6.59 91.75 98.34 OK
r-devel-linux-x86_64-fedora-clang 1.4.9 164.14 OK
r-devel-linux-x86_64-fedora-gcc 1.4.9 167.64 OK
r-devel-windows-x86_64 1.4.9 12.00 164.00 176.00 NOTE
r-devel-windows-x86_64-gcc10-UCRT 1.4.9 NOTE
r-patched-linux-x86_64 1.4.9 8.01 116.29 124.30 OK
r-patched-solaris-x86 1.4.9 208.10 OK
r-release-linux-x86_64 1.4.9 7.62 117.38 125.00 OK
r-release-macos-arm64 1.4.9 OK
r-release-macos-x86_64 1.4.9 OK
r-release-windows-ix86+x86_64 1.4.9 10.00 156.00 166.00 NOTE
r-oldrel-macos-x86_64 1.4.9 OK
r-oldrel-windows-ix86+x86_64 1.4.9 10.00 157.00 167.00 NOTE

Check Details

Version: 1.4.9
Check: package dependencies
Result: NOTE
    Package suggested but not available for checking: 'doMC'
Flavors: r-devel-windows-x86_64, r-devel-windows-x86_64-gcc10-UCRT, r-release-windows-ix86+x86_64, r-oldrel-windows-ix86+x86_64