CRAN Package Check Results for Package LDLcalc

Last updated on 2022-01-24 23:54:31 CET.

Flavor Version Tinstall Tcheck Ttotal Status Flags
r-devel-linux-x86_64-debian-clang 1.1 7.54 138.85 146.39 OK
r-devel-linux-x86_64-debian-gcc 1.1 5.36 107.07 112.43 OK
r-devel-linux-x86_64-fedora-clang 1.1 174.72 NOTE
r-devel-linux-x86_64-fedora-gcc 1.1 165.26 NOTE
r-devel-windows-x86_64-new-UL 1.1 42.00 165.00 207.00 OK
r-devel-windows-x86_64-new-TK 1.1 NOTE
r-patched-linux-x86_64 1.1 6.70 133.56 140.26 OK
r-release-linux-x86_64 1.1 6.47 132.22 138.69 OK
r-release-macos-arm64 1.1 NOTE
r-release-macos-x86_64 1.1 NOTE
r-release-windows-ix86+x86_64 1.1 14.00 159.00 173.00 OK
r-oldrel-macos-x86_64 1.1 NOTE
r-oldrel-windows-ix86+x86_64 1.1 14.00 162.00 176.00 OK

Check Details

Version: 1.1
Check: dependencies in R code
Result: NOTE
    Namespaces in Imports field not imported from:
     ‘Cubist’ ‘earth’ ‘gbm’ ‘glmnet’ ‘kernlab’ ‘randomForest’ ‘resample’
     All declared Imports should be used.
Flavors: r-devel-linux-x86_64-fedora-clang, r-devel-linux-x86_64-fedora-gcc, r-devel-windows-x86_64-new-TK, r-release-macos-arm64, r-release-macos-x86_64, r-oldrel-macos-x86_64