CRAN Package Check Results for Package LDAShiny

Last updated on 2023-02-08 00:03:30 CET.

Flavor Version Tinstall Tcheck Ttotal Status Flags
r-devel-linux-x86_64-debian-clang 0.9.3 5.21 47.39 52.60 OK
r-devel-linux-x86_64-debian-gcc 0.9.3 3.89 35.67 39.56 OK
r-devel-linux-x86_64-fedora-clang 0.9.3 70.36 NOTE
r-devel-linux-x86_64-fedora-gcc 0.9.3 79.64 NOTE
r-devel-windows-x86_64 0.9.3 26.00 77.00 103.00 OK
r-patched-linux-x86_64 0.9.3 4.11 44.79 48.90 OK
r-release-linux-x86_64 0.9.3 3.98 46.01 49.99 OK
r-release-macos-arm64 0.9.3 32.00 NOTE
r-release-macos-x86_64 0.9.3 46.00 NOTE
r-release-windows-x86_64 0.9.3 21.00 89.00 110.00 OK
r-oldrel-macos-arm64 0.9.3 31.00 NOTE
r-oldrel-macos-x86_64 0.9.3 39.00 NOTE
r-oldrel-windows-ix86+x86_64 0.9.3 16.00 79.00 95.00 OK

Check Details

Version: 0.9.3
Check: package dependencies
Result: NOTE
    Imports includes 25 non-default packages.
    Importing from so many packages makes the package vulnerable to any of
    them becoming unavailable. Move as many as possible to Suggests and
    use conditionally.
Flavor: r-devel-linux-x86_64-fedora-clang

Version: 0.9.3
Check: dependencies in R code
Result: NOTE
    Namespaces in Imports field not imported from:
     ‘DT’ ‘SnowballC’ ‘beepr’ ‘broom’ ‘chinese.misc’ ‘dplyr’ ‘highcharter’
     ‘htmlwidgets’ ‘ldatuning’ ‘parallel’ ‘plotly’ ‘purrr’ ‘quanteda’
     ‘shinyBS’ ‘shinyWidgets’ ‘shinyalert’ ‘shinycssloaders’ ‘shinyjs’
     ‘stringr’ ‘textmineR’ ‘tidyr’ ‘tidytext’ ‘topicmodels’
     All declared Imports should be used.
Flavors: r-devel-linux-x86_64-fedora-clang, r-devel-linux-x86_64-fedora-gcc, r-release-macos-arm64, r-release-macos-x86_64, r-oldrel-macos-arm64, r-oldrel-macos-x86_64