CRAN Package Check Results for Package LAGOSNE

Last updated on 2024-06-14 00:53:47 CEST.

Flavor Version Tinstall Tcheck Ttotal Status Flags
r-devel-linux-x86_64-debian-clang 2.0.3 11.01 85.35 96.36 NOTE
r-devel-linux-x86_64-debian-gcc 2.0.3 0.53 1.96 2.49 ERROR
r-devel-linux-x86_64-fedora-clang 2.0.3 122.70 NOTE
r-devel-linux-x86_64-fedora-gcc 2.0.3 124.57 NOTE
r-devel-windows-x86_64 2.0.3 9.00 95.00 104.00 NOTE
r-patched-linux-x86_64 2.0.3 9.55 83.92 93.47 NOTE
r-release-linux-x86_64 2.0.3 6.65 84.99 91.64 NOTE
r-release-macos-arm64 2.0.3 41.00 NOTE
r-release-macos-x86_64 2.0.3 81.00 NOTE
r-release-windows-x86_64 2.0.3 10.00 92.00 102.00 NOTE
r-oldrel-macos-arm64 2.0.3 41.00 OK
r-oldrel-macos-x86_64 2.0.3 105.00 OK
r-oldrel-windows-x86_64 2.0.3 12.00 101.00 113.00 OK

Check Details

Version: 2.0.3
Check: Rd files
Result: NOTE checkRd: (-1) conn.Rd:300: Lost braces 300 | Soranno et al. (2017) \doi{10.1093/gigascience/gix101}{Gigascience 6:12} | ^ checkRd: (-1) lakes_limno.Rd:36: Lost braces 36 | Soranno et al. (2017) \doi{10.1093/gigascience/gix101}{Gigascience 6:12} | ^ Flavors: r-devel-linux-x86_64-debian-clang, r-devel-linux-x86_64-fedora-clang, r-devel-linux-x86_64-fedora-gcc, r-devel-windows-x86_64, r-patched-linux-x86_64, r-release-linux-x86_64, r-release-macos-arm64, r-release-macos-x86_64, r-release-windows-x86_64

Version: 2.0.3
Check: package dependencies
Result: ERROR Packages required but not available: 'dplyr', 'purrr', 'stringr', 'tibble', 'tidyr', 'progress' Packages suggested but not available for checking: 'testthat', 'devtools', 'ggplot2' See section ‘The DESCRIPTION file’ in the ‘Writing R Extensions’ manual. Flavor: r-devel-linux-x86_64-debian-gcc