CRAN Package Check Results for Package KrigInv

Last updated on 2024-07-14 00:55:26 CEST.

Flavor Version Tinstall Tcheck Ttotal Status Flags
r-devel-linux-x86_64-debian-clang 1.4.2 8.15 72.91 81.06 NOTE
r-devel-linux-x86_64-debian-gcc 1.4.2 6.06 54.64 60.70 NOTE
r-devel-linux-x86_64-fedora-clang 1.4.2 100.48 NOTE
r-devel-linux-x86_64-fedora-gcc 1.4.2 94.88 NOTE
r-devel-windows-x86_64 1.4.2 7.00 78.00 85.00 NOTE
r-patched-linux-x86_64 1.4.2 9.20 71.35 80.55 NOTE
r-release-linux-x86_64 1.4.2 7.27 71.54 78.81 NOTE
r-release-macos-arm64 1.4.2 31.00 NOTE
r-release-macos-x86_64 1.4.2 55.00 NOTE
r-release-windows-x86_64 1.4.2 7.00 80.00 87.00 NOTE
r-oldrel-macos-arm64 1.4.2 33.00 OK
r-oldrel-macos-x86_64 1.4.2 50.00 OK
r-oldrel-windows-x86_64 1.4.2 9.00 93.00 102.00 OK

Check Details

Version: 1.4.2
Check: Rd files
Result: NOTE checkRd: (-1) EGIparallel.Rd:60: Lost braces; missing escapes or markup? 60 | Finally, one can control the field {optim.option} in order to decide how to optimize the sampling criterion. | ^ checkRd: (-1) max_sur_parallel.Rd:29: Lost braces; missing escapes or markup? 29 | Finally, one can control the field {optim.option} in order to decide how to optimize the sampling criterion. | ^ checkRd: (-1) max_timse_parallel.Rd:30: Lost braces; missing escapes or markup? 30 | Finally, one can control the field {optim.option} in order to decide how to optimize the sampling criterion. | ^ checkRd: (-1) max_vorob_parallel.Rd:30: Lost braces; missing escapes or markup? 30 | Finally, one can control the field {optim.option} in order to decide how to optimize the sampling criterion. | ^ checkRd: (-1) print_uncertainty_nd.Rd:72: Lost braces 72 | Optional argument. When set to code{NULL} (default) the function performs the projections on plans spanned by each pair (i,j) of dimension. Otherwise, the argument is an array of size 2 corresponding to the dimensions spanning the (only) plan on which the projection is performed. | ^ Flavors: r-devel-linux-x86_64-debian-clang, r-devel-linux-x86_64-debian-gcc, r-devel-linux-x86_64-fedora-clang, r-devel-linux-x86_64-fedora-gcc, r-devel-windows-x86_64, r-patched-linux-x86_64, r-release-linux-x86_64, r-release-macos-arm64, r-release-macos-x86_64, r-release-windows-x86_64