CRAN Package Check Results for Package KoulMde

Last updated on 2021-09-24 23:53:52 CEST.

Flavor Version Tinstall Tcheck Ttotal Status Flags
r-devel-linux-x86_64-debian-clang 3.2.1 57.43 62.05 119.48 NOTE
r-devel-linux-x86_64-debian-gcc 3.2.1 39.89 48.49 88.38 NOTE
r-devel-linux-x86_64-fedora-clang 3.2.1 161.37 NOTE
r-devel-linux-x86_64-fedora-gcc 3.2.1 147.25 NOTE
r-devel-windows-x86_64 3.2.1 57.00 66.00 123.00 NOTE
r-devel-windows-x86_64-gcc10-UCRT 3.2.1 NOTE
r-patched-linux-x86_64 3.2.1 46.16 61.06 107.22 NOTE
r-patched-solaris-x86 3.2.1 161.40 NOTE
r-release-linux-x86_64 3.2.1 48.72 60.69 109.41 NOTE
r-release-macos-arm64 3.2.1 NOTE
r-release-macos-x86_64 3.2.1 NOTE
r-release-windows-ix86+x86_64 3.2.1 127.00 116.00 243.00 NOTE
r-oldrel-macos-x86_64 3.2.1 OK
r-oldrel-windows-ix86+x86_64 3.2.1 92.00 91.00 183.00 OK

Check Details

Version: 3.2.1
Check: LazyData
Result: NOTE
     'LazyData' is specified without a 'data' directory
Flavors: r-devel-linux-x86_64-debian-clang, r-devel-linux-x86_64-debian-gcc, r-devel-linux-x86_64-fedora-clang, r-devel-linux-x86_64-fedora-gcc, r-devel-windows-x86_64, r-devel-windows-x86_64-gcc10-UCRT, r-patched-linux-x86_64, r-patched-solaris-x86, r-release-linux-x86_64, r-release-macos-arm64, r-release-macos-x86_64, r-release-windows-ix86+x86_64