CRAN Package Check Results for Package Kendall

Last updated on 2021-12-04 23:50:35 CET.

Flavor Version Tinstall Tcheck Ttotal Status Flags
r-devel-linux-x86_64-debian-clang 2.2 2.84 33.84 36.68 NOTE
r-devel-linux-x86_64-debian-gcc 2.2 1.75 26.94 28.69 NOTE
r-devel-linux-x86_64-fedora-clang 2.2 46.26 NOTE
r-devel-linux-x86_64-fedora-gcc 2.2 36.79 NOTE
r-devel-windows-x86_64-new-UL 2.2 8.00 62.00 70.00 NOTE
r-devel-windows-x86_64-new-TK 2.2 NOTE
r-devel-windows-x86_64-old 2.2 5.00 36.00 41.00 NOTE
r-patched-linux-x86_64 2.2 2.53 24.99 27.52 NOTE
r-release-linux-x86_64 2.2 2.43 25.04 27.47 NOTE
r-release-macos-arm64 2.2 NOTE
r-release-macos-x86_64 2.2 NOTE
r-release-windows-ix86+x86_64 2.2 7.00 53.00 60.00 NOTE
r-oldrel-macos-x86_64 2.2 NOTE
r-oldrel-windows-ix86+x86_64 2.2 23.00 53.00 76.00 NOTE

Check Details

Version: 2.2
Check: R code for possible problems
Result: NOTE
    SeasonalMannKendall: no visible global function definition for 'is.ts'
    SeasonalMannKendall: no visible global function definition for
     'frequency'
    SeasonalMannKendall: no visible global function definition for 'cycle'
    SeasonalMannKendall: no visible global function definition for 'pnorm'
    Undefined global functions or variables:
     cycle frequency is.ts pnorm
    Consider adding
     importFrom("stats", "cycle", "frequency", "is.ts", "pnorm")
    to your NAMESPACE file.
Flavors: r-devel-linux-x86_64-debian-clang, r-devel-linux-x86_64-debian-gcc, r-devel-linux-x86_64-fedora-clang, r-devel-linux-x86_64-fedora-gcc, r-devel-windows-x86_64-new-UL, r-devel-windows-x86_64-new-TK, r-devel-windows-x86_64-old, r-patched-linux-x86_64, r-release-linux-x86_64, r-release-macos-arm64, r-release-macos-x86_64, r-release-windows-ix86+x86_64, r-oldrel-macos-x86_64, r-oldrel-windows-ix86+x86_64

Version: 2.2
Check: compiled code
Result: NOTE
    File ‘Kendall/libs/Kendall.so’:
     Found no calls to: ‘R_registerRoutines’, ‘R_useDynamicSymbols’
    
    It is good practice to register native routines and to disable symbol
    search.
    
    See ‘Writing portable packages’ in the ‘Writing R Extensions’ manual.
Flavors: r-devel-linux-x86_64-fedora-clang, r-devel-linux-x86_64-fedora-gcc