CRAN Package Check Results for Package KenSyn

Last updated on 2023-02-06 23:55:48 CET.

Flavor Version Tinstall Tcheck Ttotal Status Flags
r-devel-linux-x86_64-debian-clang 0.3 2.44 21.36 23.80 OK
r-devel-linux-x86_64-debian-gcc 0.3 1.84 16.72 18.56 OK
r-devel-linux-x86_64-fedora-clang 0.3 30.98 NOTE
r-devel-linux-x86_64-fedora-gcc 0.3 30.29 NOTE
r-devel-windows-x86_64 0.3 19.00 53.00 72.00 OK
r-patched-linux-x86_64 0.3 1.91 21.63 23.54 OK
r-release-linux-x86_64 0.3 1.73 22.16 23.89 OK
r-release-macos-arm64 0.3 15.00 NOTE
r-release-macos-x86_64 0.3 24.00 NOTE
r-release-windows-x86_64 0.3 17.00 55.00 72.00 OK
r-oldrel-macos-arm64 0.3 19.00 NOTE
r-oldrel-macos-x86_64 0.3 28.00 NOTE
r-oldrel-windows-ix86+x86_64 0.3 7.00 48.00 55.00 OK

Check Details

Version: 0.3
Check: dependencies in R code
Result: NOTE
    Namespaces in Imports field not imported from:
     ‘lme4’ ‘metafor’ ‘nlme’
     All declared Imports should be used.
Flavors: r-devel-linux-x86_64-fedora-clang, r-devel-linux-x86_64-fedora-gcc, r-release-macos-arm64, r-release-macos-x86_64, r-oldrel-macos-arm64, r-oldrel-macos-x86_64