CRAN Package Check Results for Package KSgeneral

Last updated on 2023-01-28 23:51:42 CET.

Flavor Version Tinstall Tcheck Ttotal Status Flags
r-devel-linux-x86_64-debian-clang 1.1.1 42.89 40.75 83.64 OK
r-devel-linux-x86_64-debian-gcc 1.1.1 28.05 31.03 59.08 NOTE
r-devel-linux-x86_64-fedora-clang 1.1.1 130.55 OK
r-devel-linux-x86_64-fedora-gcc 1.1.1 99.24 NOTE
r-devel-windows-x86_64 1.1.1 61.00 96.00 157.00 OK
r-patched-linux-x86_64 1.1.1 30.13 38.70 68.83 OK
r-release-linux-x86_64 1.1.1 32.49 39.61 72.10 OK
r-release-macos-arm64 1.1.1 36.00 OK
r-release-macos-x86_64 1.1.1 43.00 OK
r-release-windows-x86_64 1.1.1 47.00 101.00 148.00 OK
r-oldrel-macos-arm64 1.1.1 40.00 OK
r-oldrel-macos-x86_64 1.1.1 45.00 OK
r-oldrel-windows-ix86+x86_64 1.1.1 96.00 95.00 191.00 OK

Check Details

Version: 1.1.1
Check: C++ specification
Result: NOTE
     Specified C++11: please update to current default of C++17
Flavors: r-devel-linux-x86_64-debian-gcc, r-devel-linux-x86_64-fedora-gcc