Last updated on 2023-05-30 00:59:48 CEST.
Flavor | Version | Tinstall | Tcheck | Ttotal | Status | Flags |
---|---|---|---|---|---|---|
r-devel-linux-x86_64-debian-clang | 0.1.0 | 17.46 | 137.59 | 155.05 | NOTE | |
r-devel-linux-x86_64-debian-gcc | 0.1.0 | 14.49 | 97.94 | 112.43 | NOTE | |
r-devel-linux-x86_64-fedora-clang | 0.1.0 | 184.01 | NOTE | |||
r-devel-linux-x86_64-fedora-gcc | 0.1.0 | 200.48 | NOTE | |||
r-devel-windows-x86_64 | 0.1.0 | 15.00 | 107.00 | 122.00 | NOTE | |
r-patched-linux-x86_64 | 0.1.0 | 12.60 | 123.81 | 136.41 | NOTE | |
r-release-linux-x86_64 | 0.1.0 | 10.51 | 122.38 | 132.89 | NOTE | |
r-release-macos-arm64 | 0.1.0 | 59.00 | NOTE | |||
r-release-macos-x86_64 | 0.1.0 | 88.00 | NOTE | |||
r-release-windows-x86_64 | 0.1.0 | 20.00 | 131.00 | 151.00 | NOTE | |
r-oldrel-macos-arm64 | 0.1.0 | 49.00 | NOTE | |||
r-oldrel-macos-x86_64 | 0.1.0 | 83.00 | NOTE | |||
r-oldrel-windows-x86_64 | 0.1.0 | 21.00 | 134.00 | 155.00 | NOTE |
Version: 0.1.0
Check: LazyData
Result: NOTE
'LazyData' is specified without a 'data' directory
Flavors: r-devel-linux-x86_64-debian-clang, r-devel-linux-x86_64-debian-gcc, r-devel-linux-x86_64-fedora-clang, r-devel-linux-x86_64-fedora-gcc, r-devel-windows-x86_64, r-patched-linux-x86_64, r-release-linux-x86_64, r-release-macos-arm64, r-release-macos-x86_64, r-release-windows-x86_64, r-oldrel-macos-arm64, r-oldrel-macos-x86_64, r-oldrel-windows-x86_64