Last updated on 2023-06-07 01:03:28 CEST.
Flavor | Version | Tinstall | Tcheck | Ttotal | Status | Flags |
---|---|---|---|---|---|---|
r-devel-linux-x86_64-debian-clang | 0.1.1 | 3.61 | 141.09 | 144.70 | OK | |
r-devel-linux-x86_64-debian-gcc | 0.1.1 | 2.61 | 102.51 | 105.12 | OK | |
r-devel-linux-x86_64-fedora-clang | 0.1.1 | 177.68 | NOTE | |||
r-devel-linux-x86_64-fedora-gcc | 0.1.1 | 190.97 | NOTE | |||
r-devel-windows-x86_64 | 0.1.1 | 5.00 | 131.00 | 136.00 | OK | |
r-patched-linux-x86_64 | 0.1.1 | 2.79 | 133.33 | 136.12 | OK | |
r-release-linux-x86_64 | 0.1.1 | 3.17 | 133.84 | 137.01 | OK | |
r-release-macos-arm64 | 0.1.1 | 61.00 | OK | |||
r-release-macos-x86_64 | 0.1.1 | 81.00 | OK | |||
r-release-windows-x86_64 | 0.1.1 | 6.00 | 159.00 | 165.00 | OK | |
r-oldrel-macos-arm64 | 0.1.1 | 50.00 | NOTE | |||
r-oldrel-macos-x86_64 | 0.1.1 | 80.00 | NOTE | |||
r-oldrel-windows-x86_64 | 0.1.1 | 7.00 | 164.00 | 171.00 | OK |
Version: 0.1.1
Check: dependencies in R code
Result: NOTE
Namespaces in Imports field not imported from:
‘Superpower’ ‘pwr’ ‘shinydashboard’
All declared Imports should be used.
Flavors: r-devel-linux-x86_64-fedora-clang, r-devel-linux-x86_64-fedora-gcc, r-oldrel-macos-arm64, r-oldrel-macos-x86_64