CRAN Package Check Results for Package JSmediation

Last updated on 2025-01-16 00:49:33 CET.

Flavor Version Tinstall Tcheck Ttotal Status Flags
r-devel-linux-x86_64-debian-clang 0.2.2 4.07 183.60 187.67 ERROR
r-devel-linux-x86_64-debian-gcc 0.2.2 2.49 118.86 121.35 ERROR
r-devel-linux-x86_64-fedora-clang 0.2.2 219.10 OK
r-devel-linux-x86_64-fedora-gcc 0.2.2 229.14 OK
r-devel-windows-x86_64 0.2.2 6.00 167.00 173.00 ERROR
r-patched-linux-x86_64 0.2.2 11.60 171.76 183.36 ERROR
r-release-linux-x86_64 0.2.2 3.68 179.94 183.62 OK
r-release-macos-arm64 0.2.2 82.00 OK
r-release-macos-x86_64 0.2.2 139.00 OK
r-release-windows-x86_64 0.2.2 5.00 162.00 167.00 ERROR
r-oldrel-macos-arm64 0.2.2 96.00 OK
r-oldrel-macos-x86_64 0.2.2 206.00 OK
r-oldrel-windows-x86_64 0.2.2 6.00 203.00 209.00 ERROR

Check Details

Version: 0.2.2
Check: Rd cross-references
Result: NOTE Found the following Rd file(s) with Rd \link{} targets missing package anchors: standardize_variable.Rd: dplyr_tidy_select Please provide package anchors for all Rd \link{} targets not in the package itself and the base packages. Flavors: r-devel-linux-x86_64-debian-clang, r-devel-linux-x86_64-debian-gcc, r-devel-windows-x86_64

Version: 0.2.2
Check: re-building of vignette outputs
Result: ERROR Error(s) in re-building vignettes: ... --- re-building ‘jsmediation.Rmd’ using rmarkdown ** Processing: /home/hornik/tmp/R.check/r-devel-clang/Work/PKGS/JSmediation.Rcheck/vign_test/JSmediation/vignettes/jsmediation_files/figure-html/unnamed-chunk-5-1.png 672x768 pixels, 3x8 bits/pixel, RGB Input IDAT size = 96007 bytes Input file size = 96217 bytes Trying: zc = 9 zm = 8 zs = 0 f = 0 IDAT size = 77369 zc = 9 zm = 8 zs = 1 f = 0 zc = 1 zm = 8 zs = 2 f = 0 zc = 9 zm = 8 zs = 3 f = 0 zc = 9 zm = 8 zs = 0 f = 5 zc = 9 zm = 8 zs = 1 f = 5 zc = 1 zm = 8 zs = 2 f = 5 zc = 9 zm = 8 zs = 3 f = 5 Selecting parameters: zc = 9 zm = 8 zs = 0 f = 0 IDAT size = 77369 Output IDAT size = 77369 bytes (18638 bytes decrease) Output file size = 77447 bytes (18770 bytes = 19.51% decrease) ** Processing: /home/hornik/tmp/R.check/r-devel-clang/Work/PKGS/JSmediation.Rcheck/vign_test/JSmediation/vignettes/jsmediation_files/figure-html/unnamed-chunk-6-1.png 672x768 pixels, 3x8 bits/pixel, RGB Input IDAT size = 96285 bytes Input file size = 96495 bytes Trying: zc = 9 zm = 8 zs = 0 f = 0 IDAT size = 77269 zc = 9 zm = 8 zs = 1 f = 0 zc = 1 zm = 8 zs = 2 f = 0 zc = 9 zm = 8 zs = 3 f = 0 zc = 9 zm = 8 zs = 0 f = 5 zc = 9 zm = 8 zs = 1 f = 5 zc = 1 zm = 8 zs = 2 f = 5 zc = 9 zm = 8 zs = 3 f = 5 Selecting parameters: zc = 9 zm = 8 zs = 0 f = 0 IDAT size = 77269 Output IDAT size = 77269 bytes (19016 bytes decrease) Output file size = 77347 bytes (19148 bytes = 19.84% decrease) Quitting from lines 178-180 [unnamed-chunk-7] (jsmediation.Rmd) Error: processing vignette 'jsmediation.Rmd' failed with diagnostics: `check_model()` returned following error: Following variable(s) were not found: Component Possibly misspelled? If the error message does not help identifying your problem, another reason why `check_model()` failed might be that models of class `lm` are not yet supported. --- failed re-building ‘jsmediation.Rmd’ --- re-building ‘moderated-mediation.Rmd’ using rmarkdown --- finished re-building ‘moderated-mediation.Rmd’ SUMMARY: processing the following file failed: ‘jsmediation.Rmd’ Error: Vignette re-building failed. Execution halted Flavor: r-devel-linux-x86_64-debian-clang

Version: 0.2.2
Check: re-building of vignette outputs
Result: ERROR Error(s) in re-building vignettes: ... --- re-building ‘jsmediation.Rmd’ using rmarkdown ** Processing: /home/hornik/tmp/R.check/r-devel-gcc/Work/PKGS/JSmediation.Rcheck/vign_test/JSmediation/vignettes/jsmediation_files/figure-html/unnamed-chunk-5-1.png 672x768 pixels, 3x8 bits/pixel, RGB Input IDAT size = 96407 bytes Input file size = 96617 bytes Trying: zc = 9 zm = 8 zs = 0 f = 0 IDAT size = 77722 zc = 9 zm = 8 zs = 1 f = 0 zc = 1 zm = 8 zs = 2 f = 0 zc = 9 zm = 8 zs = 3 f = 0 zc = 9 zm = 8 zs = 0 f = 5 zc = 9 zm = 8 zs = 1 f = 5 zc = 1 zm = 8 zs = 2 f = 5 zc = 9 zm = 8 zs = 3 f = 5 Selecting parameters: zc = 9 zm = 8 zs = 0 f = 0 IDAT size = 77722 Output IDAT size = 77722 bytes (18685 bytes decrease) Output file size = 77800 bytes (18817 bytes = 19.48% decrease) ** Processing: /home/hornik/tmp/R.check/r-devel-gcc/Work/PKGS/JSmediation.Rcheck/vign_test/JSmediation/vignettes/jsmediation_files/figure-html/unnamed-chunk-6-1.png 672x768 pixels, 3x8 bits/pixel, RGB Input IDAT size = 95225 bytes Input file size = 95435 bytes Trying: zc = 9 zm = 8 zs = 0 f = 0 IDAT size = 76626 zc = 9 zm = 8 zs = 1 f = 0 zc = 1 zm = 8 zs = 2 f = 0 zc = 9 zm = 8 zs = 3 f = 0 zc = 9 zm = 8 zs = 0 f = 5 zc = 9 zm = 8 zs = 1 f = 5 zc = 1 zm = 8 zs = 2 f = 5 zc = 9 zm = 8 zs = 3 f = 5 Selecting parameters: zc = 9 zm = 8 zs = 0 f = 0 IDAT size = 76626 Output IDAT size = 76626 bytes (18599 bytes decrease) Output file size = 76704 bytes (18731 bytes = 19.63% decrease) Quitting from lines 178-180 [unnamed-chunk-7] (jsmediation.Rmd) Error: processing vignette 'jsmediation.Rmd' failed with diagnostics: `check_model()` returned following error: Following variable(s) were not found: Component Possibly misspelled? If the error message does not help identifying your problem, another reason why `check_model()` failed might be that models of class `lm` are not yet supported. --- failed re-building ‘jsmediation.Rmd’ --- re-building ‘moderated-mediation.Rmd’ using rmarkdown --- finished re-building ‘moderated-mediation.Rmd’ SUMMARY: processing the following file failed: ‘jsmediation.Rmd’ Error: Vignette re-building failed. Execution halted Flavor: r-devel-linux-x86_64-debian-gcc

Version: 0.2.2
Check: re-building of vignette outputs
Result: ERROR Error(s) in re-building vignettes: --- re-building 'jsmediation.Rmd' using rmarkdown Quitting from lines 178-180 [unnamed-chunk-7] (jsmediation.Rmd) Error: processing vignette 'jsmediation.Rmd' failed with diagnostics: `check_model()` returned following error: Following variable(s) were not found: Component Possibly misspelled? If the error message does not help identifying your problem, another reason why `check_model()` failed might be that models of class `lm` are not yet supported. --- failed re-building 'jsmediation.Rmd' --- re-building 'moderated-mediation.Rmd' using rmarkdown --- finished re-building 'moderated-mediation.Rmd' SUMMARY: processing the following file failed: 'jsmediation.Rmd' Error: Vignette re-building failed. Execution halted Flavors: r-devel-windows-x86_64, r-release-windows-x86_64, r-oldrel-windows-x86_64

Version: 0.2.2
Check: re-building of vignette outputs
Result: ERROR Error(s) in re-building vignettes: ... --- re-building ‘jsmediation.Rmd’ using rmarkdown ** Processing: /home/hornik/tmp/R.check/r-patched-gcc/Work/PKGS/JSmediation.Rcheck/vign_test/JSmediation/vignettes/jsmediation_files/figure-html/unnamed-chunk-5-1.png 672x768 pixels, 3x8 bits/pixel, RGB Input IDAT size = 95685 bytes Input file size = 95895 bytes Trying: zc = 9 zm = 8 zs = 0 f = 0 IDAT size = 77002 zc = 9 zm = 8 zs = 1 f = 0 zc = 1 zm = 8 zs = 2 f = 0 zc = 9 zm = 8 zs = 3 f = 0 zc = 9 zm = 8 zs = 0 f = 5 zc = 9 zm = 8 zs = 1 f = 5 zc = 1 zm = 8 zs = 2 f = 5 zc = 9 zm = 8 zs = 3 f = 5 Selecting parameters: zc = 9 zm = 8 zs = 0 f = 0 IDAT size = 77002 Output IDAT size = 77002 bytes (18683 bytes decrease) Output file size = 77080 bytes (18815 bytes = 19.62% decrease) ** Processing: /home/hornik/tmp/R.check/r-patched-gcc/Work/PKGS/JSmediation.Rcheck/vign_test/JSmediation/vignettes/jsmediation_files/figure-html/unnamed-chunk-6-1.png 672x768 pixels, 3x8 bits/pixel, RGB Input IDAT size = 96432 bytes Input file size = 96642 bytes Trying: zc = 9 zm = 8 zs = 0 f = 0 IDAT size = 77753 zc = 9 zm = 8 zs = 1 f = 0 zc = 1 zm = 8 zs = 2 f = 0 zc = 9 zm = 8 zs = 3 f = 0 zc = 9 zm = 8 zs = 0 f = 5 zc = 9 zm = 8 zs = 1 f = 5 zc = 1 zm = 8 zs = 2 f = 5 zc = 9 zm = 8 zs = 3 f = 5 Selecting parameters: zc = 9 zm = 8 zs = 0 f = 0 IDAT size = 77753 Output IDAT size = 77753 bytes (18679 bytes decrease) Output file size = 77831 bytes (18811 bytes = 19.46% decrease) Quitting from lines 178-180 [unnamed-chunk-7] (jsmediation.Rmd) Error: processing vignette 'jsmediation.Rmd' failed with diagnostics: `check_model()` returned following error: Following variable(s) were not found: Component Possibly misspelled? If the error message does not help identifying your problem, another reason why `check_model()` failed might be that models of class `lm` are not yet supported. --- failed re-building ‘jsmediation.Rmd’ --- re-building ‘moderated-mediation.Rmd’ using rmarkdown --- finished re-building ‘moderated-mediation.Rmd’ SUMMARY: processing the following file failed: ‘jsmediation.Rmd’ Error: Vignette re-building failed. Execution halted Flavor: r-patched-linux-x86_64