Last updated on 2023-01-30 00:31:15 CET.
Flavor | Version | Tinstall | Tcheck | Ttotal | Status | Flags |
---|---|---|---|---|---|---|
r-devel-linux-x86_64-debian-clang | 2.1.0 | 19.31 | 55.91 | 75.22 | OK | |
r-devel-linux-x86_64-debian-gcc | 2.1.0 | 14.06 | 45.50 | 59.56 | OK | |
r-devel-linux-x86_64-fedora-clang | 2.1.0 | 106.84 | NOTE | |||
r-devel-linux-x86_64-fedora-gcc | 2.1.0 | 115.56 | NOTE | |||
r-devel-windows-x86_64 | 2.1.0 | 49.00 | 145.00 | 194.00 | OK | |
r-patched-linux-x86_64 | 2.1.0 | 16.63 | 54.73 | 71.36 | OK | |
r-release-linux-x86_64 | 2.1.0 | 15.21 | 56.31 | 71.52 | OK | |
r-release-macos-arm64 | 2.1.0 | 45.00 | NOTE | |||
r-release-macos-x86_64 | 2.1.0 | 49.00 | NOTE | |||
r-release-windows-x86_64 | 2.1.0 | 30.00 | 137.00 | 167.00 | OK | |
r-oldrel-macos-arm64 | 2.1.0 | 66.00 | NOTE | |||
r-oldrel-macos-x86_64 | 2.1.0 | 72.00 | NOTE | |||
r-oldrel-windows-ix86+x86_64 | 2.1.0 | 49.00 | 117.00 | 166.00 | OK |
Version: 2.1.0
Check: dependencies in R code
Result: NOTE
Namespace in Imports field not imported from: ‘doParallel’
All declared Imports should be used.
Flavors: r-devel-linux-x86_64-fedora-clang, r-devel-linux-x86_64-fedora-gcc, r-release-macos-arm64, r-release-macos-x86_64, r-oldrel-macos-arm64, r-oldrel-macos-x86_64