CRAN Package Check Results for Package IsoriX

Last updated on 2021-09-22 23:50:01 CEST.

Flavor Version Tinstall Tcheck Ttotal Status Flags
r-devel-linux-x86_64-debian-clang 0.8.2 29.67 394.15 423.82 OK
r-devel-linux-x86_64-debian-gcc 0.8.2 28.77 297.23 326.00 OK
r-devel-linux-x86_64-fedora-clang 0.8.2 513.78 OK
r-devel-linux-x86_64-fedora-gcc 0.8.2 535.09 OK
r-devel-windows-x86_64 0.8.2 33.00 325.00 358.00 OK
r-devel-windows-x86_64-gcc10-UCRT 0.8.2 ERROR
r-patched-linux-x86_64 0.8.2 32.20 379.85 412.05 OK
r-patched-solaris-x86 0.8.2 674.40 OK
r-release-linux-x86_64 0.8.2 31.72 378.11 409.83 OK
r-release-macos-arm64 0.8.2 OK
r-release-macos-x86_64 0.8.2 OK
r-release-windows-ix86+x86_64 0.8.2 71.00 435.00 506.00 OK
r-oldrel-macos-x86_64 0.8.2 OK
r-oldrel-windows-ix86+x86_64 0.8.2 50.00 331.00 381.00 OK

Check Details

Version: 0.8.2
Check: package dependencies
Result: ERROR
    Packages required but not available: 'latticeExtra', 'rasterVis'
    
    Packages suggested but not available for checking: 'rgdal', 'rgl'
    
    See section 'The DESCRIPTION file' in the 'Writing R Extensions'
    manual.
Flavor: r-devel-windows-x86_64-gcc10-UCRT