CRAN Package Check Results for Package Isinglandr

Last updated on 2024-06-13 00:55:18 CEST.

Flavor Version Tinstall Tcheck Ttotal Status Flags
r-devel-linux-x86_64-debian-clang 0.1.1 9.00 62.23 71.23 OK
r-devel-linux-x86_64-debian-gcc 0.1.1 0.39 1.80 2.19 ERROR
r-devel-linux-x86_64-fedora-clang 0.1.1 88.94 OK
r-devel-linux-x86_64-fedora-gcc 0.1.1 84.99 OK
r-devel-windows-x86_64 0.1.1 7.00 68.00 75.00 OK
r-patched-linux-x86_64 0.1.1 8.67 59.27 67.94 OK
r-release-linux-x86_64 0.1.1 4.82 61.96 66.78 OK
r-release-macos-arm64 0.1.1 28.00 OK
r-release-macos-x86_64 0.1.1 42.00 OK
r-release-windows-x86_64 0.1.1 9.00 65.00 74.00 OK
r-oldrel-macos-arm64 0.1.1 25.00 OK
r-oldrel-macos-x86_64 0.1.1 44.00 OK
r-oldrel-windows-x86_64 0.1.1 10.00 75.00 85.00 OK

Check Details

Version: 0.1.1
Check: package dependencies
Result: ERROR Packages required but not available: 'dplyr', 'gganimate', 'ggplot2', 'plotly', 'purrr', 'simlandr', 'tibble', 'tidyr' Packages suggested but not available for checking: 'IsingFit', 'IsingSampler', 'transformr' See section ‘The DESCRIPTION file’ in the ‘Writing R Extensions’ manual. Flavor: r-devel-linux-x86_64-debian-gcc