CRAN Package Check Results for Package IrregLong

Last updated on 2021-08-03 23:52:12 CEST.

Flavor Version Tinstall Tcheck Ttotal Status Flags
r-devel-linux-x86_64-debian-clang 0.3.3 11.75 101.68 113.43 NOTE
r-devel-linux-x86_64-debian-gcc 0.3.3 8.75 74.52 83.27 NOTE
r-devel-linux-x86_64-fedora-clang 0.3.3 138.28 NOTE
r-devel-linux-x86_64-fedora-gcc 0.3.3 129.88 NOTE
r-devel-windows-x86_64 0.3.3 14.00 127.00 141.00 NOTE
r-devel-windows-x86_64-gcc10-UCRT 0.3.3 NOTE
r-patched-linux-x86_64 0.3.3 10.71 93.57 104.28 NOTE
r-patched-solaris-x86 0.3.3 181.40 NOTE
r-release-linux-x86_64 0.3.3 10.67 94.50 105.17 NOTE
r-release-macos-arm64 0.3.3 NOTE
r-release-macos-x86_64 0.3.3 NOTE
r-release-windows-ix86+x86_64 0.3.3 24.00 120.00 144.00 NOTE
r-oldrel-macos-x86_64 0.3.3 OK
r-oldrel-windows-ix86+x86_64 0.3.3 38.00 124.00 162.00 OK

Check Details

Version: 0.3.3
Check: LazyData
Result: NOTE
     'LazyData' is specified without a 'data' directory
Flavors: r-devel-linux-x86_64-debian-clang, r-devel-linux-x86_64-debian-gcc, r-devel-linux-x86_64-fedora-clang, r-devel-linux-x86_64-fedora-gcc, r-devel-windows-x86_64, r-devel-windows-x86_64-gcc10-UCRT, r-patched-linux-x86_64, r-patched-solaris-x86, r-release-linux-x86_64, r-release-macos-arm64, r-release-macos-x86_64, r-release-windows-ix86+x86_64