CRAN Package Check Results for Package InteRD

Last updated on 2024-06-14 00:53:46 CEST.

Flavor Version Tinstall Tcheck Ttotal Status Flags
r-devel-linux-x86_64-debian-clang 0.1.1 13.16 476.05 489.21 OK
r-devel-linux-x86_64-debian-gcc 0.1.1 0.32 1.70 2.02 ERROR
r-devel-linux-x86_64-fedora-clang 0.1.1 598.09 OK
r-devel-linux-x86_64-fedora-gcc 0.1.1 608.51 OK
r-devel-windows-x86_64 0.1.1 12.00 502.00 514.00 OK
r-patched-linux-x86_64 0.1.1 13.33 473.46 486.79 OK
r-release-linux-x86_64 0.1.1 8.68 472.73 481.41 OK
r-release-macos-arm64 0.1.1 217.00 OK
r-release-macos-x86_64 0.1.1 437.00 OK
r-release-windows-x86_64 0.1.1 13.00 508.00 521.00 OK
r-oldrel-macos-arm64 0.1.1 246.00 OK
r-oldrel-macos-x86_64 0.1.1 496.00 OK
r-oldrel-windows-x86_64 0.1.1 16.00 516.00 532.00 OK

Check Details

Version: 0.1.1
Check: package dependencies
Result: ERROR Packages required but not available: 'cowplot', 'ggplot2', 'DescTools', 'reshape2' Package suggested but not available for checking: ‘testthat’ See section ‘The DESCRIPTION file’ in the ‘Writing R Extensions’ manual. Flavor: r-devel-linux-x86_64-debian-gcc