CRAN Package Check Results for Package Inflation

Last updated on 2022-01-23 23:50:19 CET.

Flavor Version Tinstall Tcheck Ttotal Status Flags
r-devel-linux-x86_64-debian-clang 0.1.0 2.05 36.04 38.09 OK
r-devel-linux-x86_64-debian-gcc 0.1.0 1.98 30.33 32.31 OK
r-devel-linux-x86_64-fedora-clang 0.1.0 47.53 NOTE
r-devel-linux-x86_64-fedora-gcc 0.1.0 35.85 NOTE
r-devel-windows-x86_64-new-UL 0.1.0 29.00 56.00 85.00 OK
r-devel-windows-x86_64-new-TK 0.1.0 NOTE
r-patched-linux-x86_64 0.1.0 1.69 34.49 36.18 OK
r-release-linux-x86_64 0.1.0 1.50 34.89 36.39 OK
r-release-macos-arm64 0.1.0 NOTE
r-release-macos-x86_64 0.1.0 NOTE
r-release-windows-ix86+x86_64 0.1.0 5.00 43.00 48.00 OK
r-oldrel-macos-x86_64 0.1.0 NOTE
r-oldrel-windows-ix86+x86_64 0.1.0 6.00 49.00 55.00 OK

Check Details

Version: 0.1.0
Check: data for non-ASCII characters
Result: NOTE
     Note: found 151 marked UTF-8 strings
Flavors: r-devel-linux-x86_64-fedora-clang, r-devel-linux-x86_64-fedora-gcc, r-devel-windows-x86_64-new-TK, r-release-macos-arm64, r-release-macos-x86_64, r-oldrel-macos-x86_64