CRAN Package Check Results for Package ISM

Last updated on 2021-12-01 23:51:40 CET.

Flavor Version Tinstall Tcheck Ttotal Status Flags
r-devel-linux-x86_64-debian-clang 0.1.0 8.58 79.03 87.61 NOTE
r-devel-linux-x86_64-debian-gcc 0.1.0 5.99 59.24 65.23 NOTE
r-devel-linux-x86_64-fedora-clang 0.1.0 109.26 NOTE
r-devel-linux-x86_64-fedora-gcc 0.1.0 111.95 NOTE
r-devel-windows-x86_64-new-UL 0.1.0 11.00 100.00 111.00 NOTE
r-devel-windows-x86_64-new-TK 0.1.0 NOTE
r-devel-windows-x86_64-old 0.1.0 9.00 56.00 65.00 NOTE
r-patched-linux-x86_64 0.1.0 7.94 77.13 85.07 NOTE
r-patched-solaris-x86 0.1.0 107.60 NOTE
r-release-linux-x86_64 0.1.0 8.86 77.72 86.58 NOTE
r-release-macos-arm64 0.1.0 NOTE
r-release-macos-x86_64 0.1.0 NOTE
r-release-windows-ix86+x86_64 0.1.0 15.00 73.00 88.00 NOTE
r-oldrel-macos-x86_64 0.1.0 OK
r-oldrel-windows-ix86+x86_64 0.1.0 14.00 76.00 90.00 OK

Check Details

Version: 0.1.0
Check: LazyData
Result: NOTE
     'LazyData' is specified without a 'data' directory
Flavors: r-devel-linux-x86_64-debian-clang, r-devel-linux-x86_64-debian-gcc, r-devel-linux-x86_64-fedora-clang, r-devel-linux-x86_64-fedora-gcc, r-devel-windows-x86_64-new-UL, r-devel-windows-x86_64-new-TK, r-devel-windows-x86_64-old, r-patched-linux-x86_64, r-patched-solaris-x86, r-release-linux-x86_64, r-release-macos-arm64, r-release-macos-x86_64, r-release-windows-ix86+x86_64