CRAN Package Check Results for Package ISAT

Last updated on 2023-06-09 00:54:25 CEST.

Flavor Version Tinstall Tcheck Ttotal Status Flags
r-devel-linux-x86_64-debian-clang 1.0.5 3.80 292.37 296.17 NOTE
r-devel-linux-x86_64-debian-gcc 1.0.5 2.69 203.69 206.38 NOTE
r-devel-linux-x86_64-fedora-clang 1.0.5 363.02 NOTE
r-devel-linux-x86_64-fedora-gcc 1.0.5 374.36 NOTE
r-devel-windows-x86_64 1.0.5 4.00 209.00 213.00 NOTE
r-patched-linux-x86_64 1.0.5 3.57 279.03 282.60 NOTE
r-release-linux-x86_64 1.0.5 2.78 278.60 281.38 NOTE
r-release-macos-arm64 1.0.5 110.00 NOTE
r-release-macos-x86_64 1.0.5 171.00 NOTE
r-release-windows-x86_64 1.0.5 4.00 240.00 244.00 NOTE
r-oldrel-macos-arm64 1.0.5 78.00 NOTE
r-oldrel-macos-x86_64 1.0.5 107.00 NOTE
r-oldrel-windows-x86_64 1.0.5 5.00 245.00 250.00 NOTE

Check Details

Version: 1.0.5
Check: LazyData
Result: NOTE
     'LazyData' is specified without a 'data' directory
Flavors: r-devel-linux-x86_64-debian-clang, r-devel-linux-x86_64-debian-gcc, r-devel-linux-x86_64-fedora-clang, r-devel-linux-x86_64-fedora-gcc, r-devel-windows-x86_64, r-patched-linux-x86_64, r-release-linux-x86_64, r-release-macos-arm64, r-release-macos-x86_64, r-release-windows-x86_64, r-oldrel-macos-arm64, r-oldrel-macos-x86_64, r-oldrel-windows-x86_64