CRAN Package Check Results for Package IPWpn

Last updated on 2022-06-24 23:50:14 CEST.

Flavor Version Tinstall Tcheck Ttotal Status Flags
r-devel-linux-x86_64-debian-clang 0.1.0 14.17 104.33 118.50 OK
r-devel-linux-x86_64-debian-gcc 0.1.0 10.92 77.81 88.73 OK
r-devel-linux-x86_64-fedora-clang 0.1.0 160.70 NOTE
r-devel-linux-x86_64-fedora-gcc 0.1.0 147.34 NOTE
r-devel-windows-x86_64 0.1.0 16.00 126.00 142.00 OK
r-patched-linux-x86_64 0.1.0 8.44 99.38 107.82 OK
r-release-linux-x86_64 0.1.0 8.91 98.55 107.46 OK
r-release-macos-arm64 0.1.0 40.00 NOTE
r-release-macos-x86_64 0.1.0 73.00 NOTE
r-release-windows-x86_64 0.1.0 17.00 127.00 144.00 OK
r-oldrel-macos-arm64 0.1.0 43.00 NOTE
r-oldrel-macos-x86_64 0.1.0 76.00 NOTE
r-oldrel-windows-ix86+x86_64 0.1.0 31.00 116.00 147.00 OK

Additional issues

donttest

Check Details

Version: 0.1.0
Check: dependencies in R code
Result: NOTE
    Namespaces in Imports field not imported from:
     ‘mvtnorm’ ‘tidyr’
     All declared Imports should be used.
Flavors: r-devel-linux-x86_64-fedora-clang, r-devel-linux-x86_64-fedora-gcc, r-release-macos-arm64, r-release-macos-x86_64, r-oldrel-macos-arm64, r-oldrel-macos-x86_64