CRAN Package Check Results for Package IPCAPS

Last updated on 2021-09-23 23:50:09 CEST.

Flavor Version Tinstall Tcheck Ttotal Status Flags
r-devel-linux-x86_64-debian-clang 1.1.8 12.49 175.87 188.36 OK
r-devel-linux-x86_64-debian-gcc 1.1.8 11.93 130.01 141.94 OK
r-devel-linux-x86_64-fedora-clang 1.1.8 229.21 NOTE
r-devel-linux-x86_64-fedora-gcc 1.1.8 219.37 NOTE
r-devel-windows-x86_64 1.1.8 14.00 148.00 162.00 OK
r-devel-windows-x86_64-gcc10-UCRT 1.1.8 NOTE
r-patched-linux-x86_64 1.1.8 14.23 168.42 182.65 OK
r-patched-solaris-x86 1.1.8 316.10 NOTE
r-release-linux-x86_64 1.1.8 14.01 168.44 182.45 OK
r-release-macos-arm64 1.1.8 NOTE
r-release-macos-x86_64 1.1.8 NOTE
r-release-windows-ix86+x86_64 1.1.8 30.00 197.00 227.00 OK
r-oldrel-macos-x86_64 1.1.8 NOTE
r-oldrel-windows-ix86+x86_64 1.1.8 23.00 144.00 167.00 OK

Check Details

Version: 1.1.8
Check: dependencies in R code
Result: NOTE
    Namespaces in Imports field not imported from:
     ‘Matrix’ ‘expm’
     All declared Imports should be used.
Flavors: r-devel-linux-x86_64-fedora-clang, r-devel-linux-x86_64-fedora-gcc, r-devel-windows-x86_64-gcc10-UCRT, r-patched-solaris-x86, r-release-macos-arm64, r-release-macos-x86_64, r-oldrel-macos-x86_64