CRAN Package Check Results for Package INLAspacetime

Last updated on 2024-06-16 00:58:22 CEST.

Flavor Version Tinstall Tcheck Ttotal Status Flags
r-devel-linux-x86_64-debian-clang 0.1.8 18.80 123.92 142.72 NOTE
r-devel-linux-x86_64-debian-gcc 0.1.8 12.48 90.85 103.33 NOTE
r-devel-linux-x86_64-fedora-clang 0.1.8 171.94 OK
r-devel-linux-x86_64-fedora-gcc 0.1.8 182.35 OK
r-devel-windows-x86_64 0.1.8 16.00 105.00 121.00 OK
r-patched-linux-x86_64 0.1.8 21.56 118.13 139.69 NOTE
r-release-linux-x86_64 0.1.8 14.63 117.07 131.70 NOTE
r-release-macos-arm64 0.1.8 60.00 NOTE
r-release-macos-x86_64 0.1.8 80.00 NOTE
r-release-windows-x86_64 0.1.8 17.00 102.00 119.00 OK
r-oldrel-macos-arm64 0.1.8 59.00 NOTE
r-oldrel-macos-x86_64 0.1.8 117.00 NOTE
r-oldrel-windows-x86_64 0.1.8 21.00 125.00 146.00 NOTE

Check Details

Version: 0.1.8
Check: package dependencies
Result: NOTE Package suggested but not available for checking: ‘INLA’ Flavors: r-devel-linux-x86_64-debian-clang, r-devel-linux-x86_64-debian-gcc, r-patched-linux-x86_64, r-release-linux-x86_64, r-release-macos-arm64, r-release-macos-x86_64, r-oldrel-macos-arm64, r-oldrel-macos-x86_64, r-oldrel-windows-x86_64