CRAN Package Check Results for Package IMP

Last updated on 2023-06-10 00:54:47 CEST.

Flavor Version Tinstall Tcheck Ttotal Status Flags
r-devel-linux-x86_64-debian-clang 1.1 7.62 61.07 68.69 NOTE
r-devel-linux-x86_64-debian-gcc 1.1 5.85 45.18 51.03 NOTE
r-devel-linux-x86_64-fedora-clang 1.1 83.15 NOTE
r-devel-linux-x86_64-fedora-gcc 1.1 83.76 NOTE
r-devel-windows-x86_64 1.1 9.00 68.00 77.00 NOTE
r-patched-linux-x86_64 1.1 4.49 54.02 58.51 NOTE
r-release-linux-x86_64 1.1 6.03 55.37 61.40 NOTE
r-release-macos-arm64 1.1 29.00 NOTE
r-release-macos-x86_64 1.1 40.00 NOTE
r-release-windows-x86_64 1.1 10.00 76.00 86.00 NOTE
r-oldrel-macos-arm64 1.1 27.00 NOTE
r-oldrel-macos-x86_64 1.1 54.00 NOTE
r-oldrel-windows-x86_64 1.1 10.00 78.00 88.00 NOTE

Check Details

Version: 1.1
Check: LazyData
Result: NOTE
     'LazyData' is specified without a 'data' directory
Flavors: r-devel-linux-x86_64-debian-clang, r-devel-linux-x86_64-debian-gcc, r-devel-linux-x86_64-fedora-clang, r-devel-linux-x86_64-fedora-gcc, r-devel-windows-x86_64, r-patched-linux-x86_64, r-release-linux-x86_64, r-release-macos-arm64, r-release-macos-x86_64, r-release-windows-x86_64, r-oldrel-macos-arm64, r-oldrel-macos-x86_64, r-oldrel-windows-x86_64