Last updated on 2023-01-27 23:38:00 CET.
Flavor | Version | Tinstall | Tcheck | Ttotal | Status | Flags |
---|---|---|---|---|---|---|
r-devel-linux-x86_64-debian-clang | 1.1.7 | 37.43 | 40.30 | 77.73 | OK | |
r-devel-linux-x86_64-debian-gcc | 1.1.7 | 29.04 | 31.15 | 60.19 | NOTE | |
r-devel-linux-x86_64-fedora-clang | 1.1.7 | 112.10 | OK | |||
r-devel-linux-x86_64-fedora-gcc | 1.1.7 | 111.73 | NOTE | |||
r-devel-windows-x86_64 | 1.1.7 | 47.00 | 93.00 | 140.00 | OK | |
r-patched-linux-x86_64 | 1.1.7 | 33.74 | 40.73 | 74.47 | OK | |
r-release-linux-x86_64 | 1.1.7 | 32.35 | 37.45 | 69.80 | OK | |
r-release-macos-arm64 | 1.1.7 | 33.00 | OK | |||
r-release-macos-x86_64 | 1.1.7 | 42.00 | OK | |||
r-release-windows-x86_64 | 1.1.7 | 48.00 | 96.00 | 144.00 | OK | |
r-oldrel-macos-arm64 | 1.1.7 | 37.00 | OK | |||
r-oldrel-macos-x86_64 | 1.1.7 | 60.00 | OK | |||
r-oldrel-windows-ix86+x86_64 | 1.1.7 | 92.00 | 91.00 | 183.00 | OK |
Version: 1.1.7
Check: C++ specification
Result: NOTE
Specified C++11: please update to current default of C++17
Flavors: r-devel-linux-x86_64-debian-gcc, r-devel-linux-x86_64-fedora-gcc