CRAN Package Check Results for Package IFP

Last updated on 2023-05-30 00:59:47 CEST.

Flavor Version Tinstall Tcheck Ttotal Status Flags
r-devel-linux-x86_64-debian-clang 0.2.4 33.35 175.20 208.55 OK
r-devel-linux-x86_64-debian-gcc 0.2.4 26.58 127.56 154.14 OK
r-devel-linux-x86_64-fedora-clang 0.2.4 269.42 NOTE
r-devel-linux-x86_64-fedora-gcc 0.2.4 278.10 NOTE
r-devel-windows-x86_64 0.2.4 29.00 147.00 176.00 OK
r-patched-linux-x86_64 0.2.4 30.39 163.33 193.72 OK
r-release-linux-x86_64 0.2.4 25.22 163.77 188.99 OK
r-release-macos-arm64 0.2.4 71.00 OK
r-release-macos-x86_64 0.2.4 115.00 OK
r-release-windows-x86_64 0.2.4 41.00 185.00 226.00 OK
r-oldrel-macos-arm64 0.2.4 64.00 OK
r-oldrel-macos-x86_64 0.2.4 111.00 OK
r-oldrel-windows-x86_64 0.2.4 39.00 181.00 220.00 OK

Check Details

Version: 0.2.4
Check: compiled code
Result: NOTE
    File ‘IFP/libs/IFP.so’:
     Found no calls to: ‘R_registerRoutines’, ‘R_useDynamicSymbols’
    
    It is good practice to register native routines and to disable symbol
    search.
    
    See ‘Writing portable packages’ in the ‘Writing R Extensions’ manual.
Flavors: r-devel-linux-x86_64-fedora-clang, r-devel-linux-x86_64-fedora-gcc