CRAN Package Check Results for Package IFAA

Last updated on 2021-09-23 23:50:08 CEST.

Flavor Version Tinstall Tcheck Ttotal Status Flags
r-devel-linux-x86_64-debian-clang 1.0.2 11.47 106.27 117.74 OK
r-devel-linux-x86_64-debian-gcc 1.0.2 8.48 79.70 88.18 OK
r-devel-linux-x86_64-fedora-clang 1.0.2 145.00 NOTE
r-devel-linux-x86_64-fedora-gcc 1.0.2 132.97 NOTE
r-devel-windows-x86_64 1.0.2 13.00 170.00 183.00 OK
r-devel-windows-x86_64-gcc10-UCRT 1.0.2 NOTE
r-patched-linux-x86_64 1.0.2 10.46 101.03 111.49 OK
r-patched-solaris-x86 1.0.2 429.00 NOTE
r-release-linux-x86_64 1.0.2 10.05 101.13 111.18 OK
r-release-macos-arm64 1.0.2 NOTE
r-release-macos-x86_64 1.0.2 NOTE
r-release-windows-ix86+x86_64 1.0.2 23.00 227.00 250.00 OK
r-oldrel-macos-x86_64 1.0.2 NOTE
r-oldrel-windows-ix86+x86_64 1.0.2 16.00 169.00 185.00 OK

Check Details

Version: 1.0.2
Check: dependencies in R code
Result: NOTE
    Namespaces in Imports field not imported from:
     ‘expm’ ‘rlecuyer’
     All declared Imports should be used.
Flavors: r-devel-linux-x86_64-fedora-clang, r-devel-linux-x86_64-fedora-gcc, r-devel-windows-x86_64-gcc10-UCRT, r-patched-solaris-x86, r-release-macos-arm64, r-release-macos-x86_64, r-oldrel-macos-x86_64