Last updated on 2023-03-27 00:50:27 CEST.
Flavor | Version | Tinstall | Tcheck | Ttotal | Status | Flags |
---|---|---|---|---|---|---|
r-devel-linux-x86_64-debian-clang | 1.1.20 | 8.81 | 63.74 | 72.55 | NOTE | |
r-devel-linux-x86_64-debian-gcc | 1.1.20 | 6.26 | 47.74 | 54.00 | NOTE | |
r-devel-linux-x86_64-fedora-gcc | 1.1.20 | 85.09 | NOTE | |||
r-devel-windows-x86_64 | 1.1.20 | 41.00 | 99.00 | 140.00 | NOTE | |
r-patched-linux-x86_64 | 1.1.20 | 8.82 | 60.75 | 69.57 | NOTE | |
r-release-linux-x86_64 | 1.1.20 | 8.08 | 58.50 | 66.58 | OK | |
r-release-macos-arm64 | 1.1.20 | 33.00 | OK | |||
r-release-macos-x86_64 | 1.1.20 | 41.00 | OK | |||
r-release-windows-x86_64 | 1.1.20 | 34.00 | 99.00 | 133.00 | OK | |
r-oldrel-macos-arm64 | 1.1.20 | 33.00 | OK | |||
r-oldrel-macos-x86_64 | 1.1.20 | 56.00 | OK | |||
r-oldrel-windows-ix86+x86_64 | 1.1.20 | 17.00 | 110.00 | 127.00 | OK |
Version: 1.1.20
Check: Rd \usage sections
Result: NOTE
S3 methods shown with full name in documentation object ‘internals’:
‘plot.page’
The \usage entries for S3 methods should use the \method markup and not
their full name.
See chapter ‘Writing R documentation files’ in the ‘Writing R
Extensions’ manual.
Flavors: r-devel-linux-x86_64-debian-clang, r-devel-linux-x86_64-debian-gcc, r-devel-linux-x86_64-fedora-gcc, r-devel-windows-x86_64, r-patched-linux-x86_64