CRAN Package Check Results for Package ICcforest

Last updated on 2024-07-23 00:54:29 CEST.

Flavor Version Tinstall Tcheck Ttotal Status Flags
r-devel-linux-x86_64-debian-clang 0.5.1 7.05 107.79 114.84 NOTE
r-devel-linux-x86_64-debian-gcc 0.5.1 7.62 79.54 87.16 NOTE
r-devel-linux-x86_64-fedora-clang 0.5.1 154.71 NOTE
r-devel-linux-x86_64-fedora-gcc 0.5.1 135.31 NOTE
r-devel-windows-x86_64 0.5.1 10.00 97.00 107.00 NOTE
r-patched-linux-x86_64 0.5.1 11.21 102.88 114.09 NOTE
r-release-linux-x86_64 0.5.1 8.54 101.66 110.20 NOTE
r-release-macos-arm64 0.5.1 42.00 NOTE
r-release-macos-x86_64 0.5.1 62.00 NOTE
r-release-windows-x86_64 0.5.1 9.00 92.00 101.00 NOTE
r-oldrel-macos-arm64 0.5.1 54.00 NOTE
r-oldrel-macos-x86_64 0.5.1 83.00 NOTE
r-oldrel-windows-x86_64 0.5.1 12.00 109.00 121.00 NOTE

Check Details

Version: 0.5.1
Check: LazyData
Result: NOTE 'LazyData' is specified without a 'data' directory Flavors: r-devel-linux-x86_64-debian-clang, r-devel-linux-x86_64-debian-gcc, r-devel-linux-x86_64-fedora-clang, r-devel-linux-x86_64-fedora-gcc, r-devel-windows-x86_64, r-patched-linux-x86_64, r-release-linux-x86_64, r-release-macos-arm64, r-release-macos-x86_64, r-release-windows-x86_64, r-oldrel-macos-arm64, r-oldrel-macos-x86_64, r-oldrel-windows-x86_64

Version: 0.5.1
Check: package dependencies
Result: NOTE Package suggested but not available for checking: ‘LTRCtrees’ Flavor: r-oldrel-macos-x86_64

Version: 0.5.1
Check: Rd cross-references
Result: NOTE Package unavailable to check Rd xrefs: ‘LTRCtrees’ Flavor: r-oldrel-macos-x86_64