Last updated on 2023-02-05 23:58:46 CET.
Flavor | Version | Tinstall | Tcheck | Ttotal | Status | Flags |
---|---|---|---|---|---|---|
r-devel-linux-x86_64-debian-clang | 3.1 | 33.63 | 77.79 | 111.42 | NOTE | |
r-devel-linux-x86_64-debian-gcc | 3.1 | 27.00 | 59.32 | 86.32 | NOTE | |
r-devel-linux-x86_64-fedora-clang | 3.1 | 153.82 | NOTE | |||
r-devel-linux-x86_64-fedora-gcc | 3.1 | 141.31 | NOTE | |||
r-devel-windows-x86_64 | 3.1 | 33.00 | 116.00 | 149.00 | NOTE | |
r-patched-linux-x86_64 | 3.1 | 29.31 | 72.13 | 101.44 | OK | |
r-release-linux-x86_64 | 3.1 | 29.05 | 74.54 | 103.59 | OK | |
r-release-macos-arm64 | 3.1 | 38.00 | OK | |||
r-release-macos-x86_64 | 3.1 | 54.00 | OK | |||
r-release-windows-x86_64 | 3.1 | 31.00 | 132.00 | 163.00 | OK | |
r-oldrel-macos-arm64 | 3.1 | 45.00 | OK | |||
r-oldrel-macos-x86_64 | 3.1 | 60.00 | OK | |||
r-oldrel-windows-ix86+x86_64 | 3.1 | 72.00 | 139.00 | 211.00 | OK |
Version: 3.1
Check: C++ specification
Result: NOTE
Specified C++11: please update to current default of C++17
Flavors: r-devel-linux-x86_64-debian-clang, r-devel-linux-x86_64-debian-gcc, r-devel-linux-x86_64-fedora-clang, r-devel-linux-x86_64-fedora-gcc, r-devel-windows-x86_64