Last updated on 2023-06-07 01:03:27 CEST.
Flavor | Version | Tinstall | Tcheck | Ttotal | Status | Flags |
---|---|---|---|---|---|---|
r-devel-linux-x86_64-debian-clang | 0.0.1 | 4.78 | 48.96 | 53.74 | OK | |
r-devel-linux-x86_64-debian-gcc | 0.0.1 | 3.57 | 38.04 | 41.61 | OK | |
r-devel-linux-x86_64-fedora-clang | 0.0.1 | 67.90 | NOTE | |||
r-devel-linux-x86_64-fedora-gcc | 0.0.1 | 83.94 | NOTE | |||
r-devel-windows-x86_64 | 0.0.1 | 6.00 | 61.00 | 67.00 | OK | |
r-patched-linux-x86_64 | 0.0.1 | 4.32 | 46.81 | 51.13 | OK | |
r-release-linux-x86_64 | 0.0.1 | 4.87 | 46.58 | 51.45 | OK | |
r-release-macos-arm64 | 0.0.1 | 30.00 | OK | |||
r-release-macos-x86_64 | 0.0.1 | 42.00 | OK | |||
r-release-windows-x86_64 | 0.0.1 | 6.00 | 66.00 | 72.00 | OK | |
r-oldrel-macos-arm64 | 0.0.1 | 20.00 | NOTE | |||
r-oldrel-macos-x86_64 | 0.0.1 | 32.00 | NOTE | |||
r-oldrel-windows-x86_64 | 0.0.1 | 11.00 | 68.00 | 79.00 | OK |
Version: 0.0.1
Check: dependencies in R code
Result: NOTE
Namespace in Imports field not imported from: ‘knitr’
All declared Imports should be used.
Flavors: r-devel-linux-x86_64-fedora-clang, r-devel-linux-x86_64-fedora-gcc, r-oldrel-macos-arm64, r-oldrel-macos-x86_64