CRAN Package Check Results for Package ICD10gm

Last updated on 2021-10-16 23:49:25 CEST.

Flavor Version Tinstall Tcheck Ttotal Status Flags
r-devel-linux-x86_64-debian-clang 1.2.2 39.04 179.22 218.26 OK
r-devel-linux-x86_64-debian-gcc 1.2.2 35.60 133.38 168.98 OK
r-devel-linux-x86_64-fedora-clang 1.2.2 285.92 NOTE
r-devel-linux-x86_64-fedora-gcc 1.2.2 291.25 NOTE
r-devel-windows-x86_64 1.2.2 59.00 160.00 219.00 OK
r-devel-windows-x86_64-gcc10-UCRT 1.2.2 NOTE
r-patched-linux-x86_64 1.2.2 41.50 175.08 216.58 OK
r-patched-solaris-x86 1.2.2 458.20 NOTE
r-release-linux-x86_64 1.2.2 35.95 174.21 210.16 OK
r-release-macos-arm64 1.2.2 NOTE
r-release-macos-x86_64 1.2.2 NOTE
r-release-windows-ix86+x86_64 1.2.2 61.00 210.00 271.00 OK
r-oldrel-macos-x86_64 1.2.2 NOTE
r-oldrel-windows-ix86+x86_64 1.2.2 61.00 213.00 274.00 OK

Check Details

Version: 1.2.2
Check: data for non-ASCII characters
Result: NOTE
     Note: found 303398 marked UTF-8 strings
Flavors: r-devel-linux-x86_64-fedora-clang, r-devel-linux-x86_64-fedora-gcc, r-devel-windows-x86_64-gcc10-UCRT, r-patched-solaris-x86, r-release-macos-arm64, r-release-macos-x86_64, r-oldrel-macos-x86_64