CRAN Package Check Results for Package HotellingEllipse

Last updated on 2021-10-16 23:49:24 CEST.

Flavor Version Tinstall Tcheck Ttotal Status Flags
r-devel-linux-x86_64-debian-clang 0.1.1 5.34 40.13 45.47 OK
r-devel-linux-x86_64-debian-gcc 0.1.1 4.13 31.33 35.46 OK
r-devel-linux-x86_64-fedora-clang 0.1.1 63.73 NOTE
r-devel-linux-x86_64-fedora-gcc 0.1.1 55.36 NOTE
r-devel-windows-x86_64 0.1.1 22.00 48.00 70.00 OK
r-devel-windows-x86_64-gcc10-UCRT 0.1.1 NOTE
r-patched-linux-x86_64 0.1.1 5.05 38.14 43.19 OK
r-patched-solaris-x86 0.1.1 91.90 NOTE
r-release-linux-x86_64 0.1.1 4.87 38.01 42.88 OK
r-release-macos-arm64 0.1.1 NOTE
r-release-macos-x86_64 0.1.1 NOTE
r-release-windows-ix86+x86_64 0.1.1 12.00 58.00 70.00 OK
r-oldrel-macos-x86_64 0.1.1 NOTE
r-oldrel-windows-ix86+x86_64 0.1.1 14.00 59.00 73.00 OK

Check Details

Version: 0.1.1
Check: dependencies in R code
Result: NOTE
    Namespaces in Imports field not imported from:
     ‘FactoMineR’ ‘dplyr’ ‘ggforce’ ‘ggplot2’ ‘lifecycle’ ‘purrr’
     All declared Imports should be used.
Flavors: r-devel-linux-x86_64-fedora-clang, r-devel-linux-x86_64-fedora-gcc, r-devel-windows-x86_64-gcc10-UCRT, r-patched-solaris-x86, r-release-macos-arm64, r-release-macos-x86_64, r-oldrel-macos-x86_64