CRAN Package Check Results for Package HierDpart

Last updated on 2021-06-19 23:49:21 CEST.

Flavor Version Tinstall Tcheck Ttotal Status Flags
r-devel-linux-x86_64-debian-clang 1.5.0 25.68 270.68 296.36 OK
r-devel-linux-x86_64-debian-gcc 1.5.0 22.25 196.14 218.39 OK
r-devel-linux-x86_64-fedora-clang 1.5.0 365.06 OK
r-devel-linux-x86_64-fedora-gcc 1.5.0 345.53 OK
r-devel-windows-x86_64 1.5.0 37.00 322.00 359.00 OK
r-devel-windows-x86_64-gcc10-UCRT 1.5.0 ERROR
r-patched-linux-x86_64 1.5.0 23.73 250.04 273.77 OK
r-patched-solaris-x86 1.5.0 480.50 OK
r-release-linux-x86_64 1.5.0 22.96 250.70 273.66 OK
r-release-macos-arm64 1.5.0 OK
r-release-macos-x86_64 1.5.0 OK
r-release-windows-ix86+x86_64 1.5.0 54.00 300.00 354.00 OK
r-oldrel-macos-x86_64 1.5.0 OK
r-oldrel-windows-ix86+x86_64 1.5.0 44.00 260.00 304.00 OK

Check Details

Version: 1.5.0
Check: package dependencies
Result: ERROR
    Packages required but not available:
     'adegenet', 'mmod', 'hierfstat', 'pegas'
    
    See section 'The DESCRIPTION file' in the 'Writing R Extensions'
    manual.
Flavor: r-devel-windows-x86_64-gcc10-UCRT