CRAN Package Check Results for Package HadamardR

Last updated on 2021-12-01 23:51:39 CET.

Flavor Version Tinstall Tcheck Ttotal Status Flags
r-devel-linux-x86_64-debian-clang 1.0.0 4.80 32.49 37.29 NOTE
r-devel-linux-x86_64-debian-gcc 1.0.0 3.94 25.44 29.38 NOTE
r-devel-linux-x86_64-fedora-clang 1.0.0 56.41 NOTE
r-devel-linux-x86_64-fedora-gcc 1.0.0 48.30 NOTE
r-devel-windows-x86_64-new-UL 1.0.0 16.00 74.00 90.00 NOTE
r-devel-windows-x86_64-new-TK 1.0.0 NOTE
r-devel-windows-x86_64-old 1.0.0 8.00 41.00 49.00 NOTE
r-patched-linux-x86_64 1.0.0 5.11 31.54 36.65 NOTE
r-patched-solaris-x86 1.0.0 64.50 NOTE
r-release-linux-x86_64 1.0.0 4.43 31.22 35.65 NOTE
r-release-macos-arm64 1.0.0 NOTE
r-release-macos-x86_64 1.0.0 NOTE
r-release-windows-ix86+x86_64 1.0.0 8.00 56.00 64.00 NOTE
r-oldrel-macos-x86_64 1.0.0 OK
r-oldrel-windows-ix86+x86_64 1.0.0 9.00 53.00 62.00 OK

Check Details

Version: 1.0.0
Check: LazyData
Result: NOTE
     'LazyData' is specified without a 'data' directory
Flavors: r-devel-linux-x86_64-debian-clang, r-devel-linux-x86_64-debian-gcc, r-devel-linux-x86_64-fedora-clang, r-devel-linux-x86_64-fedora-gcc, r-devel-windows-x86_64-new-UL, r-devel-windows-x86_64-new-TK, r-devel-windows-x86_64-old, r-patched-linux-x86_64, r-patched-solaris-x86, r-release-linux-x86_64, r-release-macos-arm64, r-release-macos-x86_64, r-release-windows-ix86+x86_64