CRAN Package Check Results for Package HSPOR

Last updated on 2021-08-03 23:52:11 CEST.

Flavor Version Tinstall Tcheck Ttotal Status Flags
r-devel-linux-x86_64-debian-clang 1.1.9 12.96 106.67 119.63 NOTE
r-devel-linux-x86_64-debian-gcc 1.1.9 11.76 78.85 90.61 NOTE
r-devel-linux-x86_64-fedora-clang 1.1.9 148.36 NOTE
r-devel-linux-x86_64-fedora-gcc 1.1.9 137.34 NOTE
r-devel-windows-x86_64 1.1.9 15.00 121.00 136.00 NOTE
r-devel-windows-x86_64-gcc10-UCRT 1.1.9 NOTE
r-patched-linux-x86_64 1.1.9 14.35 97.23 111.58 NOTE
r-patched-solaris-x86 1.1.9 188.00 NOTE
r-release-linux-x86_64 1.1.9 12.01 99.29 111.30 NOTE
r-release-macos-arm64 1.1.9 NOTE
r-release-macos-x86_64 1.1.9 NOTE
r-release-windows-ix86+x86_64 1.1.9 29.00 90.00 119.00 NOTE
r-oldrel-macos-x86_64 1.1.9 OK
r-oldrel-windows-ix86+x86_64 1.1.9 25.00 122.00 147.00 OK

Check Details

Version: 1.1.9
Check: LazyData
Result: NOTE
     'LazyData' is specified without a 'data' directory
Flavors: r-devel-linux-x86_64-debian-clang, r-devel-linux-x86_64-debian-gcc, r-devel-linux-x86_64-fedora-clang, r-devel-linux-x86_64-fedora-gcc, r-devel-windows-x86_64, r-devel-windows-x86_64-gcc10-UCRT, r-patched-linux-x86_64, r-patched-solaris-x86, r-release-linux-x86_64, r-release-macos-arm64, r-release-macos-x86_64, r-release-windows-ix86+x86_64