CRAN Package Check Results for Package HMMEsolver

Last updated on 2024-06-21 00:57:13 CEST.

Flavor Version Tinstall Tcheck Ttotal Status Flags
r-devel-linux-x86_64-debian-clang 0.1.2 59.69 29.07 88.76 NOTE
r-devel-linux-x86_64-debian-gcc 0.1.2 36.00 22.74 58.74 NOTE
r-devel-linux-x86_64-fedora-clang 0.1.2 129.39 NOTE
r-devel-linux-x86_64-fedora-gcc 0.1.2 125.06 NOTE
r-devel-windows-x86_64 0.1.2 45.00 60.00 105.00 NOTE
r-patched-linux-x86_64 0.1.2 38.89 28.34 67.23 NOTE
r-release-linux-x86_64 0.1.2 45.95 27.94 73.89 NOTE
r-release-macos-arm64 0.1.2 25.00 NOTE
r-release-macos-x86_64 0.1.2 32.00 NOTE
r-release-windows-x86_64 0.1.2 44.00 62.00 106.00 NOTE
r-oldrel-macos-arm64 0.1.2 32.00 NOTE
r-oldrel-macos-x86_64 0.1.2 53.00 NOTE
r-oldrel-windows-x86_64 0.1.2 55.00 68.00 123.00 NOTE

Check Details

Version: 0.1.2
Check: C++ specification
Result: NOTE Specified C++11: please drop specification unless essential Flavors: r-devel-linux-x86_64-debian-clang, r-devel-linux-x86_64-debian-gcc, r-devel-linux-x86_64-fedora-clang, r-devel-linux-x86_64-fedora-gcc, r-devel-windows-x86_64, r-patched-linux-x86_64, r-release-linux-x86_64, r-release-macos-arm64, r-release-macos-x86_64, r-release-windows-x86_64, r-oldrel-macos-arm64, r-oldrel-macos-x86_64, r-oldrel-windows-x86_64

Version: 0.1.2
Check: LazyData
Result: NOTE 'LazyData' is specified without a 'data' directory Flavors: r-devel-linux-x86_64-debian-clang, r-devel-linux-x86_64-debian-gcc, r-devel-linux-x86_64-fedora-clang, r-devel-linux-x86_64-fedora-gcc, r-devel-windows-x86_64, r-patched-linux-x86_64, r-release-linux-x86_64, r-release-macos-arm64, r-release-macos-x86_64, r-release-windows-x86_64, r-oldrel-macos-arm64, r-oldrel-macos-x86_64, r-oldrel-windows-x86_64