Last updated on 2023-01-28 23:51:40 CET.
Flavor | Version | Tinstall | Tcheck | Ttotal | Status | Flags |
---|---|---|---|---|---|---|
r-devel-linux-x86_64-debian-clang | 1.1 | 129.84 | 34.94 | 164.78 | OK | |
r-devel-linux-x86_64-debian-gcc | 1.1 | 104.26 | 27.60 | 131.86 | NOTE | |
r-devel-linux-x86_64-fedora-clang | 1.1 | 273.99 | OK | |||
r-devel-linux-x86_64-fedora-gcc | 1.1 | 220.28 | NOTE | |||
r-devel-windows-x86_64 | 1.1 | 116.00 | 86.00 | 202.00 | NOTE | |
r-patched-linux-x86_64 | 1.1 | 106.37 | 34.42 | 140.79 | OK | |
r-release-linux-x86_64 | 1.1 | 110.53 | 33.58 | 144.11 | OK | |
r-release-macos-arm64 | 1.1 | 52.00 | NOTE | |||
r-release-macos-x86_64 | 1.1 | 71.00 | NOTE | |||
r-release-windows-x86_64 | 1.1 | 167.00 | 87.00 | 254.00 | NOTE | |
r-oldrel-macos-arm64 | 1.1 | 63.00 | NOTE | |||
r-oldrel-macos-x86_64 | 1.1 | 150.00 | NOTE | |||
r-oldrel-windows-ix86+x86_64 | 1.1 | 332.00 | 86.00 | 418.00 | NOTE |
Version: 1.1
Check: C++ specification
Result: NOTE
Specified C++11: please update to current default of C++17
Flavors: r-devel-linux-x86_64-debian-gcc, r-devel-linux-x86_64-fedora-gcc
Version: 1.1
Check: installed package size
Result: NOTE
installed size is 5.1Mb
sub-directories of 1Mb or more:
data 3.5Mb
libs 1.3Mb
Flavors: r-devel-windows-x86_64, r-release-macos-arm64, r-release-macos-x86_64, r-release-windows-x86_64, r-oldrel-macos-arm64, r-oldrel-macos-x86_64, r-oldrel-windows-ix86+x86_64