Last updated on 2023-03-29 00:57:09 CEST.
Flavor | Version | Tinstall | Tcheck | Ttotal | Status | Flags |
---|---|---|---|---|---|---|
r-devel-linux-x86_64-debian-clang | 3.1-49 | 28.61 | 383.49 | 412.10 | NOTE | |
r-devel-linux-x86_64-debian-gcc | 3.1-49 | 28.31 | 283.32 | 311.63 | NOTE | |
r-devel-linux-x86_64-fedora-clang | 3.1-49 | 543.07 | NOTE | |||
r-devel-linux-x86_64-fedora-gcc | 3.1-49 | 516.83 | NOTE | |||
r-devel-windows-x86_64 | 3.1-49 | 181.00 | 0.00 | 181.00 | NOTE | |
r-patched-linux-x86_64 | 3.1-49 | 36.12 | 361.31 | 397.43 | NOTE | |
r-release-linux-x86_64 | 3.1-49 | 23.38 | 347.97 | 371.35 | OK | |
r-release-macos-arm64 | 3.1-49 | 128.00 | OK | |||
r-release-macos-x86_64 | 3.1-49 | 185.00 | OK | |||
r-release-windows-x86_64 | 3.1-49 | 133.00 | 501.00 | 634.00 | OK | |
r-oldrel-macos-arm64 | 3.1-49 | 121.00 | OK | |||
r-oldrel-macos-x86_64 | 3.1-49 | 180.00 | OK | |||
r-oldrel-windows-ix86+x86_64 | 3.1-49 | 66.00 | 416.00 | 482.00 | OK |
Version: 3.1-49
Check: Rd \usage sections
Result: NOTE
S3 methods shown with full name in documentation object ‘defunct’:
‘anova.mean’ ‘print.glht.mmc.multicomp’ ‘coef.arima.HH’ ‘glht.mmc’
‘plot.odds.ratio’ ‘persp.plane’ ‘persp.floor’ ‘persp.back.wall.x’
‘persp.back.wall.y’ ‘persp.setup’ ‘plot.hov’ ‘plot.hov.bf’
‘plot.matchMMC’ ‘seqplot.forecast’
The \usage entries for S3 methods should use the \method markup and not
their full name.
See chapter ‘Writing R documentation files’ in the ‘Writing R
Extensions’ manual.
Flavors: r-devel-linux-x86_64-debian-clang, r-devel-linux-x86_64-debian-gcc, r-devel-linux-x86_64-fedora-clang, r-devel-linux-x86_64-fedora-gcc, r-devel-windows-x86_64, r-patched-linux-x86_64