CRAN Package Check Results for Package HDSpatialScan

Last updated on 2021-09-22 23:49:59 CEST.

Flavor Version Tinstall Tcheck Ttotal Status Flags
r-devel-linux-x86_64-debian-clang 1.0.2 74.89 110.87 185.76 OK
r-devel-linux-x86_64-debian-gcc 1.0.2 53.30 78.84 132.14 OK
r-devel-linux-x86_64-fedora-clang 1.0.2 259.32 OK
r-devel-linux-x86_64-fedora-gcc 1.0.2 222.50 OK
r-devel-windows-x86_64 1.0.2 70.00 97.00 167.00 OK
r-devel-windows-x86_64-gcc10-UCRT 1.0.2 ERROR
r-patched-linux-x86_64 1.0.2 60.76 106.06 166.82 OK
r-patched-solaris-x86 1.0.2 260.50 OK
r-release-linux-x86_64 1.0.2 51.85 103.86 155.71 OK
r-release-macos-arm64 1.0.2 OK
r-release-macos-x86_64 1.0.2 OK
r-release-windows-ix86+x86_64 1.0.2 168.00 184.00 352.00 OK
r-oldrel-macos-x86_64 1.0.2 OK
r-oldrel-windows-ix86+x86_64 1.0.2 130.00 129.00 259.00 OK

Check Details

Version: 1.0.2
Check: package dependencies
Result: ERROR
    Packages required but not available: 'rgdal', 'swfscMisc'
    
    See section 'The DESCRIPTION file' in the 'Writing R Extensions'
    manual.
Flavor: r-devel-windows-x86_64-gcc10-UCRT