Last updated on 2023-06-07 01:03:26 CEST.
Flavor | Version | Tinstall | Tcheck | Ttotal | Status | Flags |
---|---|---|---|---|---|---|
r-devel-linux-x86_64-debian-clang | 0.0.5 | 31.77 | 269.21 | 300.98 | OK | |
r-devel-linux-x86_64-debian-gcc | 0.0.5 | 28.65 | 201.51 | 230.16 | OK | |
r-devel-linux-x86_64-fedora-clang | 0.0.5 | 382.96 | OK | |||
r-devel-linux-x86_64-fedora-gcc | 0.0.5 | 365.15 | OK | |||
r-devel-windows-x86_64 | 0.0.5 | 30.00 | 178.00 | 208.00 | OK | |
r-patched-linux-x86_64 | 0.0.5 | 21.19 | 246.79 | 267.98 | OK | |
r-release-linux-x86_64 | 0.0.5 | 21.09 | 249.07 | 270.16 | OK | |
r-release-macos-arm64 | 0.0.5 | 5.00 | ERROR | |||
r-release-macos-x86_64 | 0.0.5 | 164.00 | OK | |||
r-release-windows-x86_64 | 0.0.5 | 36.00 | 227.00 | 263.00 | OK | |
r-oldrel-macos-arm64 | 0.0.5 | 89.00 | OK | |||
r-oldrel-macos-x86_64 | 0.0.5 | 125.00 | OK | |||
r-oldrel-windows-x86_64 | 0.0.5 | 35.00 | 226.00 | 261.00 | OK |
Version: 0.0.5
Check: package dependencies
Result: ERROR
Package required but not available: ‘DOSE’
See section ‘The DESCRIPTION file’ in the ‘Writing R Extensions’
manual.
Flavor: r-release-macos-arm64