CRAN Package Check Results for Package GrimR

Last updated on 2021-09-19 23:50:09 CEST.

Flavor Version Tinstall Tcheck Ttotal Status Flags
r-devel-linux-x86_64-debian-clang 0.5 6.24 55.61 61.85 OK
r-devel-linux-x86_64-debian-gcc 0.5 4.56 40.16 44.72 OK
r-devel-linux-x86_64-fedora-clang 0.5 78.87 OK
r-devel-linux-x86_64-fedora-gcc 0.5 66.87 OK
r-devel-windows-x86_64 0.5 7.00 56.00 63.00 OK
r-devel-windows-x86_64-gcc10-UCRT 0.5 ERROR
r-patched-linux-x86_64 0.5 6.19 50.00 56.19 OK
r-patched-solaris-x86 0.5 106.30 OK
r-release-linux-x86_64 0.5 6.70 50.28 56.98 OK
r-release-macos-arm64 0.5 OK
r-release-macos-x86_64 0.5 OK
r-release-windows-ix86+x86_64 0.5 16.00 69.00 85.00 OK
r-oldrel-macos-x86_64 0.5 OK
r-oldrel-windows-ix86+x86_64 0.5 14.00 56.00 70.00 OK

Check Details

Version: 0.5
Check: whether package can be installed
Result: WARN
    Found the following significant warnings:
     WARNING: installation-time patches will not be applied, could not get the patches index
Flavor: r-devel-windows-x86_64-gcc10-UCRT

Version: 0.5
Check: PDF version of manual
Result: WARN
    LaTeX errors when creating PDF version.
    This typically indicates Rd problems.
Flavor: r-devel-windows-x86_64-gcc10-UCRT

Version: 0.5
Check: PDF version of manual without hyperrefs or index
Result: ERROR
    Re-running with no redirection of stdout/stderr.
Flavor: r-devel-windows-x86_64-gcc10-UCRT