CRAN Package Check Results for Package GridOnClusters

Last updated on 2023-01-30 23:56:20 CET.

Flavor Version Tinstall Tcheck Ttotal Status Flags
r-devel-linux-x86_64-debian-clang 0.1.0 25.29 56.25 81.54 OK
r-devel-linux-x86_64-debian-gcc 0.1.0 19.57 42.31 61.88 NOTE
r-devel-linux-x86_64-fedora-clang 0.1.0 114.20 NOTE
r-devel-linux-x86_64-fedora-gcc 0.1.0 112.88 NOTE
r-devel-windows-x86_64 0.1.0 43.00 109.00 152.00 NOTE
r-patched-linux-x86_64 0.1.0 21.55 55.24 76.79 OK
r-release-linux-x86_64 0.1.0 20.40 53.80 74.20 OK
r-release-macos-arm64 0.1.0 38.00 OK
r-release-macos-x86_64 0.1.0 50.00 OK
r-release-windows-x86_64 0.1.0 37.00 114.00 151.00 OK
r-oldrel-macos-arm64 0.1.0 31.00 OK
r-oldrel-macos-x86_64 0.1.0 47.00 OK
r-oldrel-windows-ix86+x86_64 0.1.0 66.00 113.00 179.00 OK

Check Details

Version: 0.1.0
Check: C++ specification
Result: NOTE
     Specified C++14: please update to current default of C++17
Flavors: r-devel-linux-x86_64-debian-gcc, r-devel-linux-x86_64-fedora-clang, r-devel-linux-x86_64-fedora-gcc, r-devel-windows-x86_64