CRAN Package Check Results for Package GiniDistance

Last updated on 2021-08-03 23:52:09 CEST.

Flavor Version Tinstall Tcheck Ttotal Status Flags
r-devel-linux-x86_64-debian-clang 0.1.0 35.41 36.00 71.41 NOTE
r-devel-linux-x86_64-debian-gcc 0.1.0 21.77 28.18 49.95 NOTE
r-devel-linux-x86_64-fedora-clang 0.1.0 103.04 NOTE
r-devel-linux-x86_64-fedora-gcc 0.1.0 83.42 NOTE
r-devel-windows-x86_64 0.1.0 32.00 72.00 104.00 NOTE
r-devel-windows-x86_64-gcc10-UCRT 0.1.0 NOTE
r-patched-linux-x86_64 0.1.0 25.00 35.35 60.35 NOTE
r-patched-solaris-x86 0.1.0 100.70 NOTE
r-release-linux-x86_64 0.1.0 23.78 36.05 59.83 NOTE
r-release-macos-arm64 0.1.0 NOTE
r-release-macos-x86_64 0.1.0 NOTE
r-release-windows-ix86+x86_64 0.1.0 74.00 63.00 137.00 NOTE
r-oldrel-macos-x86_64 0.1.0 OK
r-oldrel-windows-ix86+x86_64 0.1.0 52.00 84.00 136.00 OK

Check Details

Version: 0.1.0
Check: LazyData
Result: NOTE
     'LazyData' is specified without a 'data' directory
Flavors: r-devel-linux-x86_64-debian-clang, r-devel-linux-x86_64-debian-gcc, r-devel-linux-x86_64-fedora-clang, r-devel-linux-x86_64-fedora-gcc, r-devel-windows-x86_64, r-devel-windows-x86_64-gcc10-UCRT, r-patched-linux-x86_64, r-patched-solaris-x86, r-release-linux-x86_64, r-release-macos-arm64, r-release-macos-x86_64, r-release-windows-ix86+x86_64